{"id":4121,"date":"2024-09-20T17:02:10","date_gmt":"2024-09-20T17:02:10","guid":{"rendered":"https:\/\/www.loetsch.at\/wordpress_3\/?page_id=4121"},"modified":"2024-09-21T08:31:47","modified_gmt":"2024-09-21T08:31:47","slug":"lichtquanten-ewald-toeth","status":"publish","type":"page","link":"https:\/\/www.loetsch.at\/wordpress_3\/lichtquanten-ewald-toeth\/","title":{"rendered":"Lichtquanten Ewald T\u00f6th"},"content":{"rendered":"\n<p class=\"has-large-font-size\"><strong>Auf dieser Seite haben wir alle Produkte von Dr. Ewald T\u00f6th &#8222;gesammelt&#8220;, die den Stempel &#8222;Lichtquantenverst\u00e4rkt&#8220; tragen. Sie zeichen sich durch eine extrem hohe Wirksamkeit aus.<\/strong><\/p>\n\n\n\n<figure class=\"wp-block-image aligncenter size-full is-resized is-style-rounded\"><img loading=\"lazy\" decoding=\"async\" width=\"605\" height=\"249\" src=\"https:\/\/www.loetsch.at\/wordpress_3\/wp-content\/uploads\/2024\/09\/Bild1.png\" alt=\"\" class=\"wp-image-4124\" style=\"width:977px;height:auto\" srcset=\"https:\/\/www.loetsch.at\/wordpress_3\/wp-content\/uploads\/2024\/09\/Bild1.png 605w, https:\/\/www.loetsch.at\/wordpress_3\/wp-content\/uploads\/2024\/09\/Bild1-300x123.png 300w\" sizes=\"auto, (max-width: 605px) 100vw, 605px\" \/><\/figure>\n\n\n\n<p><\/p>\n\n\n<ul class=\"wp-block-latest-posts__list wp-block-latest-posts has-background has-cyan-bluish-gray-background-color\"><li><a class=\"wp-block-latest-posts__post-title\" href=\"https:\/\/www.loetsch.at\/wordpress_3\/atemun-mundspray\/\">Atemun Mundspray<\/a><div class=\"wp-block-latest-posts__post-excerpt\">Mundspray nach Dr. Ewald T\u00f6th mit Pflanzenextrakten zur erg\u00e4nzenden Pflege, erfrischt den Atem! Anwendung: Bei Bedarf 1 bis 2 Spr\u00fchst\u00f6\u00dfe direkt in den Mundraum.&nbsp;Ersetzt nicht\u2026\u00a0<a class=\"wp-block-latest-posts__read-more\" href=\"https:\/\/www.loetsch.at\/wordpress_3\/atemun-mundspray\/\" rel=\"noopener noreferrer\"><span class=\"screen-reader-text\">Atemun Mundspray <\/span>weiterlesen<\/a><\/div><\/li>\n<li><a class=\"wp-block-latest-posts__post-title\" href=\"https:\/\/www.loetsch.at\/wordpress_3\/basen-koerperlotion\/\">Basen-K\u00f6rperlotion<\/a><div class=\"wp-block-latest-posts__post-excerpt\">Pures Wohlgef\u00fchl f\u00fcr jeden Tag Intensiv n\u00e4hrende basische Lotion umsorgt die Haut und pflegt sie geschmeidig sch\u00f6n. Wertvolle, kontrolliert biologische \u00d6le und Sheabutter bewahren die\u2026\u00a0<a class=\"wp-block-latest-posts__read-more\" href=\"https:\/\/www.loetsch.at\/wordpress_3\/basen-koerperlotion\/\" rel=\"noopener noreferrer\"><span class=\"screen-reader-text\">Basen-K\u00f6rperlotion <\/span>weiterlesen<\/a><\/div><\/li>\n<li><a class=\"wp-block-latest-posts__post-title\" href=\"https:\/\/www.loetsch.at\/wordpress_3\/basen-kraeuterfussbad\/\">Basen-Kr\u00e4uterfu\u00dfbad<\/a><div class=\"wp-block-latest-posts__post-excerpt\">Lichtquanten-Basen Kr\u00e4uterfu\u00dfbad Hautpflegende Bademischung aus basenbildenden Mineralien, hochwertigem Salz und nat\u00fcrlichen Kr\u00e4uter\u00f6len. Wacholderholz-,Rosmarin-, Salbei-,Angelikawurzel-, Eukalyptus-,Thymian\u00f6l beleben m\u00fcde, strapazierte F\u00fc\u00dfe. Der basische ph-Wert bewahrt das nat\u00fcrliche\u2026\u00a0<a class=\"wp-block-latest-posts__read-more\" href=\"https:\/\/www.loetsch.at\/wordpress_3\/basen-kraeuterfussbad\/\" rel=\"noopener noreferrer\"><span class=\"screen-reader-text\">Basen-Kr\u00e4uterfu\u00dfbad <\/span>weiterlesen<\/a><\/div><\/li>\n<li><a class=\"wp-block-latest-posts__post-title\" href=\"https:\/\/www.loetsch.at\/wordpress_3\/basen-lavendelseife\/\">Basen-Lavendelseife<\/a><div class=\"wp-block-latest-posts__post-excerpt\">Durch einen optimalen pH-Wert entfaltet die Basen Lavendel Seife eine hervorragende Reinigungskraft, ohne die Haut zu reizen. Erfrischend, sanft und gr\u00fcndlich, eine Wohltat f\u00fcr Ihre\u2026\u00a0<a class=\"wp-block-latest-posts__read-more\" href=\"https:\/\/www.loetsch.at\/wordpress_3\/basen-lavendelseife\/\" rel=\"noopener noreferrer\"><span class=\"screen-reader-text\">Basen-Lavendelseife <\/span>weiterlesen<\/a><\/div><\/li>\n<li><a class=\"wp-block-latest-posts__post-title\" href=\"https:\/\/www.loetsch.at\/wordpress_3\/basen-mineralbad\/\">Basen-Mineralbad<\/a><div class=\"wp-block-latest-posts__post-excerpt\">Ein auf ganzheitsmedizinischer Grundlagenforschung basierendes Basen-Mineralbad sollte Meersalz mit h\u00f6chstem Reinheitsgrad (inklusive reichlich nat\u00fcrlich vorkommenden Spurenelementen) plus ausgew\u00e4hlten basischen Mineralien enthalten. Die Macht des Sonnenlichts\u2026\u00a0<a class=\"wp-block-latest-posts__read-more\" href=\"https:\/\/www.loetsch.at\/wordpress_3\/basen-mineralbad\/\" rel=\"noopener noreferrer\"><span class=\"screen-reader-text\">Basen-Mineralbad <\/span>weiterlesen<\/a><\/div><\/li>\n<li><a class=\"wp-block-latest-posts__post-title\" href=\"https:\/\/www.loetsch.at\/wordpress_3\/basen-mineralkapseln\/\">Basen-Mineralkapseln<\/a><div class=\"wp-block-latest-posts__post-excerpt\">Die Basen-Mineral-Mischung von Dr. Ewald T\u00f6th&nbsp;ist seit \u00fcber 10 Jahren ein beliebter, aktiver Beitrag f\u00fcr einen ausgeglichenen S\u00e4ure-Basen-Haushalt. Sie enth\u00e4lt eine ausgewogene Kombination von Mineralstoffverbindungen\u2026\u00a0<a class=\"wp-block-latest-posts__read-more\" href=\"https:\/\/www.loetsch.at\/wordpress_3\/basen-mineralkapseln\/\" rel=\"noopener noreferrer\"><span class=\"screen-reader-text\">Basen-Mineralkapseln <\/span>weiterlesen<\/a><\/div><\/li>\n<li><a class=\"wp-block-latest-posts__post-title\" href=\"https:\/\/www.loetsch.at\/wordpress_3\/basen-mineralmischung\/\">Basen-Mineralmischung<\/a><div class=\"wp-block-latest-posts__post-excerpt\">Unser Bestseller! BASEN-MINERAL-MISCHUNGvon Dr. Ewald T\u00f6th\u00ae \u00dcbers\u00e4uerung? das war einmal! Basen-Mineral-Mischung mit Sprudeleffekt und leichtem Zitronengeschmack Die Basen-Mineral-Mischung von Dr. Ewald T\u00f6th&nbsp;ist seit \u00fcber 10\u2026\u00a0<a class=\"wp-block-latest-posts__read-more\" href=\"https:\/\/www.loetsch.at\/wordpress_3\/basen-mineralmischung\/\" rel=\"noopener noreferrer\"><span class=\"screen-reader-text\">Basen-Mineralmischung <\/span>weiterlesen<\/a><\/div><\/li>\n<li><a class=\"wp-block-latest-posts__post-title\" href=\"https:\/\/www.loetsch.at\/wordpress_3\/basen-nasenspray\/\">Basen-Nasenspray<\/a><div class=\"wp-block-latest-posts__post-excerpt\">Der Dr. T\u00f6th Licht-Quanten Basen Nasenspray enth\u00e4lt eine Die hypertonische und basische Mineralienl\u00f6sung tr\u00e4gt zur Unterst\u00fctzung der nat\u00fcrlichen Selbstreinigungsfunktion der Nasenschleimhaut bei. Glycerin versorgt die\u2026\u00a0<a class=\"wp-block-latest-posts__read-more\" href=\"https:\/\/www.loetsch.at\/wordpress_3\/basen-nasenspray\/\" rel=\"noopener noreferrer\"><span class=\"screen-reader-text\">Basen-Nasenspray <\/span>weiterlesen<\/a><\/div><\/li>\n<li><a class=\"wp-block-latest-posts__post-title\" href=\"https:\/\/www.loetsch.at\/wordpress_3\/basen-shampoo-duschbad\/\">Basen-Shampoo-Duschbad<\/a><div class=\"wp-block-latest-posts__post-excerpt\">Wenn es mal schnell gehen muss. Morgens zum Wachwerden, nach einem langen Arbeitstag, nach dem Sport oder einfach zwischendurch Schwei\u00df und Schmutz aus Haut und\u2026\u00a0<a class=\"wp-block-latest-posts__read-more\" href=\"https:\/\/www.loetsch.at\/wordpress_3\/basen-shampoo-duschbad\/\" rel=\"noopener noreferrer\"><span class=\"screen-reader-text\">Basen-Shampoo-Duschbad <\/span>weiterlesen<\/a><\/div><\/li>\n<li><a class=\"wp-block-latest-posts__post-title\" href=\"https:\/\/www.loetsch.at\/wordpress_3\/lichtquanten-medizin\/\">Lichtquanten-Medizin<\/a><div class=\"wp-block-latest-posts__post-excerpt\">Die neue Dimension einer ganzheitlichen HeilweiseNach Dr. med. Ewald T\u00f6th Super ionisierte Licht-Quanten: Zellaktivator Alles Leben dieser Erde entsteht und w\u00e4chst mit Hilfe des Sonnenlichts!\u2026\u00a0<a class=\"wp-block-latest-posts__read-more\" href=\"https:\/\/www.loetsch.at\/wordpress_3\/lichtquanten-medizin\/\" rel=\"noopener noreferrer\"><span class=\"screen-reader-text\">Lichtquanten-Medizin <\/span>weiterlesen<\/a><\/div><\/li>\n<li><a class=\"wp-block-latest-posts__post-title\" href=\"https:\/\/www.loetsch.at\/wordpress_3\/lichtquantencreme\/\">Lichtquantencreme<\/a><div class=\"wp-block-latest-posts__post-excerpt\">Reichhaltige, regenerierende Pflege Jede Nacht regeneriert sich Ihre Haut im Schlaf. Die basische Formulierung unterst\u00fctzt mit einem besonders hohen \u00d6l-Anteil die anspruchsvolle Pflege und nat\u00fcrliche\u2026\u00a0<a class=\"wp-block-latest-posts__read-more\" href=\"https:\/\/www.loetsch.at\/wordpress_3\/lichtquantencreme\/\" rel=\"noopener noreferrer\"><span class=\"screen-reader-text\">Lichtquantencreme <\/span>weiterlesen<\/a><\/div><\/li>\n<li><a class=\"wp-block-latest-posts__post-title\" href=\"https:\/\/www.loetsch.at\/wordpress_3\/physiologische-salze\/\">Physiologische Salze<\/a><div class=\"wp-block-latest-posts__post-excerpt\">Grundbaustoffe der im K\u00f6rper vorkommenden Mineral-Salze Ohne das Vorhandensein von einer Vielzahl von physiologischen Salzen in unserem Organismus w\u00fcrden Prozesse wie z.B. der Stoffwechsel, das\u2026\u00a0<a class=\"wp-block-latest-posts__read-more\" href=\"https:\/\/www.loetsch.at\/wordpress_3\/physiologische-salze\/\" rel=\"noopener noreferrer\"><span class=\"screen-reader-text\">Physiologische Salze <\/span>weiterlesen<\/a><\/div><\/li>\n<li><a class=\"wp-block-latest-posts__post-title\" href=\"https:\/\/www.loetsch.at\/wordpress_3\/regulationscreme\/\">Regulationscreme<\/a><div class=\"wp-block-latest-posts__post-excerpt\">Besonders milde Zusammensetzung ! Die Basencreme Regulation von Dr. T\u00f6th kann ideal als Basispflege bei normaler und trockener Haut angewendet werden. Die besonders milde Zusammensetzung\u2026\u00a0<a class=\"wp-block-latest-posts__read-more\" href=\"https:\/\/www.loetsch.at\/wordpress_3\/regulationscreme\/\" rel=\"noopener noreferrer\"><span class=\"screen-reader-text\">Regulationscreme <\/span>weiterlesen<\/a><\/div><\/li>\n<li><a class=\"wp-block-latest-posts__post-title\" href=\"https:\/\/www.loetsch.at\/wordpress_3\/stoffwechsel-eisen-energeticum\/\">Stoffwechsel-Eisen-Energeticum<\/a><div class=\"wp-block-latest-posts__post-excerpt\">Nahrungserg\u00e4nzungsmittel zur Unterst\u00fctzung der normalen Blutbildung und des&nbsp;&nbsp;&nbsp; Sauerstofftransports, des Energiestoffwechsels und der normalen Funktion des Immunsystems. &nbsp;&nbsp;&nbsp; &nbsp;&nbsp;&nbsp;&nbsp;Gut verwertbares Eisen&nbsp; &nbsp;&nbsp;&nbsp; &nbsp;&nbsp;&nbsp;&nbsp;Laktose- und glutenfrei\u2026\u00a0<a class=\"wp-block-latest-posts__read-more\" href=\"https:\/\/www.loetsch.at\/wordpress_3\/stoffwechsel-eisen-energeticum\/\" rel=\"noopener noreferrer\"><span class=\"screen-reader-text\">Stoffwechsel-Eisen-Energeticum <\/span>weiterlesen<\/a><\/div><\/li>\n<li><a class=\"wp-block-latest-posts__post-title\" href=\"https:\/\/www.loetsch.at\/wordpress_3\/zellaktivator\/\">Zellaktivator<\/a><div class=\"wp-block-latest-posts__post-excerpt\">So wirkt der Zellaktivator: Alle Stoffwechselvorg\u00e4nge, Gehirnt\u00e4tigkeit usw. ben\u00f6tigen Energie. Diese wird dem K\u00f6rper aus den Energiefabriken der Zelle (Mitochondrien) bereitgestellt, die die Lichtenergie in\u2026\u00a0<a class=\"wp-block-latest-posts__read-more\" href=\"https:\/\/www.loetsch.at\/wordpress_3\/zellaktivator\/\" rel=\"noopener noreferrer\"><span class=\"screen-reader-text\">Zellaktivator <\/span>weiterlesen<\/a><\/div><\/li>\n<\/ul>","protected":false},"excerpt":{"rendered":"<p>Auf dieser Seite haben wir alle Produkte von Dr. Ewald T\u00f6th &#8222;gesammelt&#8220;, die den Stempel &#8222;Lichtquantenverst\u00e4rkt&#8220; tragen. Sie zeichen sich durch eine extrem hohe Wirksamkeit aus.<\/p>\n","protected":false},"author":1,"featured_media":0,"parent":0,"menu_order":0,"comment_status":"closed","ping_status":"closed","template":"","meta":{"footnotes":""},"class_list":["post-4121","page","type-page","status-publish","hentry"],"yoast_head":"<!-- This site is optimized with the Yoast SEO plugin v27.5 - https:\/\/yoast.com\/product\/yoast-seo-wordpress\/ -->\n<title>Lichtquanten Ewald T\u00f6th - Drogerie Max L\u00f6tsch 4840 V\u00f6cklabruck<\/title>\n<meta name=\"robots\" content=\"index, follow, max-snippet:-1, max-image-preview:large, max-video-preview:-1\" \/>\n<link rel=\"canonical\" href=\"https:\/\/www.loetsch.at\/wordpress_3\/lichtquanten-ewald-toeth\/\" \/>\n<meta property=\"og:locale\" content=\"de_DE\" \/>\n<meta property=\"og:type\" content=\"article\" \/>\n<meta property=\"og:title\" content=\"Lichtquanten Ewald T\u00f6th - Drogerie Max L\u00f6tsch 4840 V\u00f6cklabruck\" \/>\n<meta property=\"og:description\" content=\"Auf dieser Seite haben wir alle Produkte von Dr. Ewald T\u00f6th &#8222;gesammelt&#8220;, die den Stempel &#8222;Lichtquantenverst\u00e4rkt&#8220; tragen. Sie zeichen sich durch eine extrem hohe Wirksamkeit aus.\" \/>\n<meta property=\"og:url\" content=\"https:\/\/www.loetsch.at\/wordpress_3\/lichtquanten-ewald-toeth\/\" \/>\n<meta property=\"og:site_name\" content=\"Drogerie Max L\u00f6tsch 4840 V\u00f6cklabruck\" \/>\n<meta property=\"article:modified_time\" content=\"2024-09-21T08:31:47+00:00\" \/>\n<meta property=\"og:image\" content=\"https:\/\/www.loetsch.at\/wordpress_3\/wp-content\/uploads\/2024\/09\/Bild1.png\" \/>\n<meta name=\"twitter:card\" content=\"summary_large_image\" \/>\n<meta name=\"twitter:label1\" content=\"Gesch\u00e4tzte Lesezeit\" \/>\n\t<meta name=\"twitter:data1\" content=\"1\u00a0Minute\" \/>\n<script type=\"application\/ld+json\" class=\"yoast-schema-graph\">{\"@context\":\"https:\\\/\\\/schema.org\",\"@graph\":[{\"@type\":\"WebPage\",\"@id\":\"https:\\\/\\\/www.loetsch.at\\\/wordpress_3\\\/lichtquanten-ewald-toeth\\\/\",\"url\":\"https:\\\/\\\/www.loetsch.at\\\/wordpress_3\\\/lichtquanten-ewald-toeth\\\/\",\"name\":\"Lichtquanten Ewald T\u00f6th - Drogerie Max L\u00f6tsch 4840 V\u00f6cklabruck\",\"isPartOf\":{\"@id\":\"https:\\\/\\\/www.loetsch.at\\\/wordpress_3\\\/#website\"},\"primaryImageOfPage\":{\"@id\":\"https:\\\/\\\/www.loetsch.at\\\/wordpress_3\\\/lichtquanten-ewald-toeth\\\/#primaryimage\"},\"image\":{\"@id\":\"https:\\\/\\\/www.loetsch.at\\\/wordpress_3\\\/lichtquanten-ewald-toeth\\\/#primaryimage\"},\"thumbnailUrl\":\"https:\\\/\\\/www.loetsch.at\\\/wordpress_3\\\/wp-content\\\/uploads\\\/2024\\\/09\\\/Bild1.png\",\"datePublished\":\"2024-09-20T17:02:10+00:00\",\"dateModified\":\"2024-09-21T08:31:47+00:00\",\"breadcrumb\":{\"@id\":\"https:\\\/\\\/www.loetsch.at\\\/wordpress_3\\\/lichtquanten-ewald-toeth\\\/#breadcrumb\"},\"inLanguage\":\"de\",\"potentialAction\":[{\"@type\":\"ReadAction\",\"target\":[\"https:\\\/\\\/www.loetsch.at\\\/wordpress_3\\\/lichtquanten-ewald-toeth\\\/\"]}]},{\"@type\":\"ImageObject\",\"inLanguage\":\"de\",\"@id\":\"https:\\\/\\\/www.loetsch.at\\\/wordpress_3\\\/lichtquanten-ewald-toeth\\\/#primaryimage\",\"url\":\"https:\\\/\\\/www.loetsch.at\\\/wordpress_3\\\/wp-content\\\/uploads\\\/2024\\\/09\\\/Bild1.png\",\"contentUrl\":\"https:\\\/\\\/www.loetsch.at\\\/wordpress_3\\\/wp-content\\\/uploads\\\/2024\\\/09\\\/Bild1.png\",\"width\":605,\"height\":249},{\"@type\":\"BreadcrumbList\",\"@id\":\"https:\\\/\\\/www.loetsch.at\\\/wordpress_3\\\/lichtquanten-ewald-toeth\\\/#breadcrumb\",\"itemListElement\":[{\"@type\":\"ListItem\",\"position\":1,\"name\":\"Startseite\",\"item\":\"https:\\\/\\\/www.loetsch.at\\\/wordpress_3\\\/\"},{\"@type\":\"ListItem\",\"position\":2,\"name\":\"Lichtquanten Ewald T\u00f6th\"}]},{\"@type\":\"WebSite\",\"@id\":\"https:\\\/\\\/www.loetsch.at\\\/wordpress_3\\\/#website\",\"url\":\"https:\\\/\\\/www.loetsch.at\\\/wordpress_3\\\/\",\"name\":\"Drogerie Max L\u00f6tsch 4840 V\u00f6cklabruck\",\"description\":\"\",\"potentialAction\":[{\"@type\":\"SearchAction\",\"target\":{\"@type\":\"EntryPoint\",\"urlTemplate\":\"https:\\\/\\\/www.loetsch.at\\\/wordpress_3\\\/?s={search_term_string}\"},\"query-input\":{\"@type\":\"PropertyValueSpecification\",\"valueRequired\":true,\"valueName\":\"search_term_string\"}}],\"inLanguage\":\"de\"}]}<\/script>\n<!-- \/ Yoast SEO plugin. -->","yoast_head_json":{"title":"Lichtquanten Ewald T\u00f6th - Drogerie Max L\u00f6tsch 4840 V\u00f6cklabruck","robots":{"index":"index","follow":"follow","max-snippet":"max-snippet:-1","max-image-preview":"max-image-preview:large","max-video-preview":"max-video-preview:-1"},"canonical":"https:\/\/www.loetsch.at\/wordpress_3\/lichtquanten-ewald-toeth\/","og_locale":"de_DE","og_type":"article","og_title":"Lichtquanten Ewald T\u00f6th - Drogerie Max L\u00f6tsch 4840 V\u00f6cklabruck","og_description":"Auf dieser Seite haben wir alle Produkte von Dr. Ewald T\u00f6th &#8222;gesammelt&#8220;, die den Stempel &#8222;Lichtquantenverst\u00e4rkt&#8220; tragen. Sie zeichen sich durch eine extrem hohe Wirksamkeit aus.","og_url":"https:\/\/www.loetsch.at\/wordpress_3\/lichtquanten-ewald-toeth\/","og_site_name":"Drogerie Max L\u00f6tsch 4840 V\u00f6cklabruck","article_modified_time":"2024-09-21T08:31:47+00:00","og_image":[{"url":"https:\/\/www.loetsch.at\/wordpress_3\/wp-content\/uploads\/2024\/09\/Bild1.png","type":"","width":"","height":""}],"twitter_card":"summary_large_image","twitter_misc":{"Gesch\u00e4tzte Lesezeit":"1\u00a0Minute"},"schema":{"@context":"https:\/\/schema.org","@graph":[{"@type":"WebPage","@id":"https:\/\/www.loetsch.at\/wordpress_3\/lichtquanten-ewald-toeth\/","url":"https:\/\/www.loetsch.at\/wordpress_3\/lichtquanten-ewald-toeth\/","name":"Lichtquanten Ewald T\u00f6th - Drogerie Max L\u00f6tsch 4840 V\u00f6cklabruck","isPartOf":{"@id":"https:\/\/www.loetsch.at\/wordpress_3\/#website"},"primaryImageOfPage":{"@id":"https:\/\/www.loetsch.at\/wordpress_3\/lichtquanten-ewald-toeth\/#primaryimage"},"image":{"@id":"https:\/\/www.loetsch.at\/wordpress_3\/lichtquanten-ewald-toeth\/#primaryimage"},"thumbnailUrl":"https:\/\/www.loetsch.at\/wordpress_3\/wp-content\/uploads\/2024\/09\/Bild1.png","datePublished":"2024-09-20T17:02:10+00:00","dateModified":"2024-09-21T08:31:47+00:00","breadcrumb":{"@id":"https:\/\/www.loetsch.at\/wordpress_3\/lichtquanten-ewald-toeth\/#breadcrumb"},"inLanguage":"de","potentialAction":[{"@type":"ReadAction","target":["https:\/\/www.loetsch.at\/wordpress_3\/lichtquanten-ewald-toeth\/"]}]},{"@type":"ImageObject","inLanguage":"de","@id":"https:\/\/www.loetsch.at\/wordpress_3\/lichtquanten-ewald-toeth\/#primaryimage","url":"https:\/\/www.loetsch.at\/wordpress_3\/wp-content\/uploads\/2024\/09\/Bild1.png","contentUrl":"https:\/\/www.loetsch.at\/wordpress_3\/wp-content\/uploads\/2024\/09\/Bild1.png","width":605,"height":249},{"@type":"BreadcrumbList","@id":"https:\/\/www.loetsch.at\/wordpress_3\/lichtquanten-ewald-toeth\/#breadcrumb","itemListElement":[{"@type":"ListItem","position":1,"name":"Startseite","item":"https:\/\/www.loetsch.at\/wordpress_3\/"},{"@type":"ListItem","position":2,"name":"Lichtquanten Ewald T\u00f6th"}]},{"@type":"WebSite","@id":"https:\/\/www.loetsch.at\/wordpress_3\/#website","url":"https:\/\/www.loetsch.at\/wordpress_3\/","name":"Drogerie Max L\u00f6tsch 4840 V\u00f6cklabruck","description":"","potentialAction":[{"@type":"SearchAction","target":{"@type":"EntryPoint","urlTemplate":"https:\/\/www.loetsch.at\/wordpress_3\/?s={search_term_string}"},"query-input":{"@type":"PropertyValueSpecification","valueRequired":true,"valueName":"search_term_string"}}],"inLanguage":"de"}]}},"_links":{"self":[{"href":"https:\/\/www.loetsch.at\/wordpress_3\/wp-json\/wp\/v2\/pages\/4121","targetHints":{"allow":["GET"]}}],"collection":[{"href":"https:\/\/www.loetsch.at\/wordpress_3\/wp-json\/wp\/v2\/pages"}],"about":[{"href":"https:\/\/www.loetsch.at\/wordpress_3\/wp-json\/wp\/v2\/types\/page"}],"author":[{"embeddable":true,"href":"https:\/\/www.loetsch.at\/wordpress_3\/wp-json\/wp\/v2\/users\/1"}],"replies":[{"embeddable":true,"href":"https:\/\/www.loetsch.at\/wordpress_3\/wp-json\/wp\/v2\/comments?post=4121"}],"version-history":[{"count":16,"href":"https:\/\/www.loetsch.at\/wordpress_3\/wp-json\/wp\/v2\/pages\/4121\/revisions"}],"predecessor-version":[{"id":4175,"href":"https:\/\/www.loetsch.at\/wordpress_3\/wp-json\/wp\/v2\/pages\/4121\/revisions\/4175"}],"wp:attachment":[{"href":"https:\/\/www.loetsch.at\/wordpress_3\/wp-json\/wp\/v2\/media?parent=4121"}],"curies":[{"name":"wp","href":"https:\/\/api.w.org\/{rel}","templated":true}]}}