{"id":3696,"date":"2024-07-30T12:26:18","date_gmt":"2024-07-30T12:26:18","guid":{"rendered":"https:\/\/www.loetsch.at\/wordpress_3\/?page_id=3696"},"modified":"2024-10-11T13:20:01","modified_gmt":"2024-10-11T13:20:01","slug":"raeucherwaren","status":"publish","type":"page","link":"https:\/\/www.loetsch.at\/wordpress_3\/raeucherwaren\/","title":{"rendered":"R\u00e4ucherwaren"},"content":{"rendered":"\n<p class=\"has-text-align-center has-large-font-size\"><strong>R\u00e4ucherst\u00e4bchen, gro\u00dfe Auswahl<\/strong><\/p>\n\n\n\n<figure class=\"wp-block-image aligncenter size-large is-resized\"><img loading=\"lazy\" decoding=\"async\" width=\"682\" height=\"1024\" src=\"https:\/\/www.loetsch.at\/wordpress_3\/wp-content\/uploads\/2024\/10\/IMG_20241011_094438149-1-scaled-e1728652554787-682x1024.jpg\" alt=\"\" class=\"wp-image-4213\" style=\"width:420px;height:auto\" srcset=\"https:\/\/www.loetsch.at\/wordpress_3\/wp-content\/uploads\/2024\/10\/IMG_20241011_094438149-1-scaled-e1728652554787-682x1024.jpg 682w, https:\/\/www.loetsch.at\/wordpress_3\/wp-content\/uploads\/2024\/10\/IMG_20241011_094438149-1-scaled-e1728652554787-200x300.jpg 200w, https:\/\/www.loetsch.at\/wordpress_3\/wp-content\/uploads\/2024\/10\/IMG_20241011_094438149-1-scaled-e1728652554787-768x1154.jpg 768w, https:\/\/www.loetsch.at\/wordpress_3\/wp-content\/uploads\/2024\/10\/IMG_20241011_094438149-1-scaled-e1728652554787-1023x1536.jpg 1023w, https:\/\/www.loetsch.at\/wordpress_3\/wp-content\/uploads\/2024\/10\/IMG_20241011_094438149-1-scaled-e1728652554787-1363x2048.jpg 1363w, https:\/\/www.loetsch.at\/wordpress_3\/wp-content\/uploads\/2024\/10\/IMG_20241011_094438149-1-scaled-e1728652554787.jpg 1440w\" sizes=\"auto, (max-width: 682px) 100vw, 682px\" \/><\/figure>\n\n\n\n<h2 class=\"wp-block-heading alignfull has-text-align-center has-luminous-vivid-orange-background-color has-background has-large-font-size\">Sie suchen etwas f\u00fcr Ihr Wohlbefinden. Zuhause?<\/h2>\n\n\n\n<h2 class=\"wp-block-heading alignfull has-text-align-center has-luminous-vivid-orange-background-color has-background has-large-font-size\">Sie wollen, dass Ihr Heim eine entspannte Atmosph\u00e4re bietet?<\/h2>\n\n\n\n<h2 class=\"wp-block-heading alignfull has-text-align-center has-luminous-vivid-orange-background-color has-background has-large-font-size\">Dann sind Sie auf dieser Seite richtig!<\/h2>\n\n\n\n<p class=\"has-text-align-center has-large-font-size\"><strong>R\u00e4ucherst\u00e4bchen mit Halter<\/strong><\/p>\n\n\n\n<figure class=\"wp-block-image aligncenter size-large is-resized\"><img loading=\"lazy\" decoding=\"async\" width=\"973\" height=\"1024\" src=\"https:\/\/www.loetsch.at\/wordpress_3\/wp-content\/uploads\/2024\/10\/IMG_20241011_093414358-973x1024.jpg\" alt=\"\" class=\"wp-image-4211\" style=\"width:634px;height:auto\" srcset=\"https:\/\/www.loetsch.at\/wordpress_3\/wp-content\/uploads\/2024\/10\/IMG_20241011_093414358-973x1024.jpg 973w, https:\/\/www.loetsch.at\/wordpress_3\/wp-content\/uploads\/2024\/10\/IMG_20241011_093414358-285x300.jpg 285w, https:\/\/www.loetsch.at\/wordpress_3\/wp-content\/uploads\/2024\/10\/IMG_20241011_093414358-768x809.jpg 768w, https:\/\/www.loetsch.at\/wordpress_3\/wp-content\/uploads\/2024\/10\/IMG_20241011_093414358-1459x1536.jpg 1459w, https:\/\/www.loetsch.at\/wordpress_3\/wp-content\/uploads\/2024\/10\/IMG_20241011_093414358.jpg 1836w\" sizes=\"auto, (max-width: 973px) 100vw, 973px\" \/><\/figure>\n\n\n\n<p class=\"has-text-align-center has-large-font-size\"><strong>Kr\u00e4uter zum R\u00e4uchern<\/strong><\/p>\n\n\n\n<figure class=\"wp-block-image aligncenter size-large is-resized\"><img loading=\"lazy\" decoding=\"async\" width=\"1024\" height=\"869\" src=\"https:\/\/www.loetsch.at\/wordpress_3\/wp-content\/uploads\/2024\/10\/IMG_20241011_093942197-1024x869.jpg\" alt=\"\" class=\"wp-image-4212\" style=\"width:605px;height:auto\" srcset=\"https:\/\/www.loetsch.at\/wordpress_3\/wp-content\/uploads\/2024\/10\/IMG_20241011_093942197-1024x869.jpg 1024w, https:\/\/www.loetsch.at\/wordpress_3\/wp-content\/uploads\/2024\/10\/IMG_20241011_093942197-300x255.jpg 300w, https:\/\/www.loetsch.at\/wordpress_3\/wp-content\/uploads\/2024\/10\/IMG_20241011_093942197-768x652.jpg 768w, https:\/\/www.loetsch.at\/wordpress_3\/wp-content\/uploads\/2024\/10\/IMG_20241011_093942197-1536x1304.jpg 1536w, https:\/\/www.loetsch.at\/wordpress_3\/wp-content\/uploads\/2024\/10\/IMG_20241011_093942197-2048x1738.jpg 2048w\" sizes=\"auto, (max-width: 1024px) 100vw, 1024px\" \/><\/figure>\n\n\n\n<p class=\"has-text-align-center has-large-font-size\"><strong>R\u00e4ucherkegel, unendlich praktisch<\/strong><\/p>\n\n\n\n<figure class=\"wp-block-image size-large\"><img loading=\"lazy\" decoding=\"async\" width=\"1024\" height=\"337\" src=\"https:\/\/www.loetsch.at\/wordpress_3\/wp-content\/uploads\/2024\/10\/IMG_20241011_094756944-1024x337.jpg\" alt=\"\" class=\"wp-image-4214\" srcset=\"https:\/\/www.loetsch.at\/wordpress_3\/wp-content\/uploads\/2024\/10\/IMG_20241011_094756944-1024x337.jpg 1024w, https:\/\/www.loetsch.at\/wordpress_3\/wp-content\/uploads\/2024\/10\/IMG_20241011_094756944-300x99.jpg 300w, https:\/\/www.loetsch.at\/wordpress_3\/wp-content\/uploads\/2024\/10\/IMG_20241011_094756944-768x253.jpg 768w, https:\/\/www.loetsch.at\/wordpress_3\/wp-content\/uploads\/2024\/10\/IMG_20241011_094756944-1536x506.jpg 1536w, https:\/\/www.loetsch.at\/wordpress_3\/wp-content\/uploads\/2024\/10\/IMG_20241011_094756944-2048x675.jpg 2048w\" sizes=\"auto, (max-width: 1024px) 100vw, 1024px\" \/><\/figure>\n\n\n\n<p class=\"has-large-font-size\"><strong>Sie ben\u00f6tigen R\u00e4uckerkohle und R\u00e4uchersand? Weihrauch? Ein Salbei oder Lavendel-Kr\u00e4uterb\u00fcndel zum &#8222;Ausr\u00e4uchern&#8220;? Ist lagernd!<\/strong><\/p>\n\n\n\n<figure class=\"wp-block-image size-large\"><img loading=\"lazy\" decoding=\"async\" width=\"1024\" height=\"579\" src=\"https:\/\/www.loetsch.at\/wordpress_3\/wp-content\/uploads\/2024\/10\/IMG_20241011_145431604-1024x579.jpg\" alt=\"\" class=\"wp-image-4223\" srcset=\"https:\/\/www.loetsch.at\/wordpress_3\/wp-content\/uploads\/2024\/10\/IMG_20241011_145431604-1024x579.jpg 1024w, https:\/\/www.loetsch.at\/wordpress_3\/wp-content\/uploads\/2024\/10\/IMG_20241011_145431604-300x170.jpg 300w, https:\/\/www.loetsch.at\/wordpress_3\/wp-content\/uploads\/2024\/10\/IMG_20241011_145431604-768x434.jpg 768w, https:\/\/www.loetsch.at\/wordpress_3\/wp-content\/uploads\/2024\/10\/IMG_20241011_145431604-1536x869.jpg 1536w, https:\/\/www.loetsch.at\/wordpress_3\/wp-content\/uploads\/2024\/10\/IMG_20241011_145431604-2048x1159.jpg 2048w\" sizes=\"auto, (max-width: 1024px) 100vw, 1024px\" \/><\/figure>\n\n\n\n<p class=\"has-text-align-center has-large-font-size\"><strong>Der &#8222;Goldene Herbst&#8220; kann kommen&#8230;.<\/strong><\/p>\n","protected":false},"excerpt":{"rendered":"<p>R\u00e4ucherst\u00e4bchen, gro\u00dfe Auswahl Sie suchen etwas f\u00fcr Ihr Wohlbefinden. Zuhause? Sie wollen, dass Ihr Heim eine entspannte Atmosph\u00e4re bietet? Dann sind Sie auf dieser Seite richtig! R\u00e4ucherst\u00e4bchen mit Halter Kr\u00e4uter zum R\u00e4uchern R\u00e4ucherkegel, unendlich praktisch Sie ben\u00f6tigen R\u00e4uckerkohle und R\u00e4uchersand? Weihrauch? Ein Salbei oder Lavendel-Kr\u00e4uterb\u00fcndel zum &#8222;Ausr\u00e4uchern&#8220;? Ist lagernd! Der &#8222;Goldene Herbst&#8220; kann kommen&#8230;.<\/p>\n","protected":false},"author":1,"featured_media":4213,"parent":0,"menu_order":0,"comment_status":"closed","ping_status":"closed","template":"","meta":{"footnotes":""},"class_list":["post-3696","page","type-page","status-publish","has-post-thumbnail","hentry"],"yoast_head":"<!-- This site is optimized with the Yoast SEO plugin v27.4 - https:\/\/yoast.com\/product\/yoast-seo-wordpress\/ -->\n<title>R\u00e4ucherwaren - Drogerie Max L\u00f6tsch 4840 V\u00f6cklabruck<\/title>\n<meta name=\"description\" content=\"Sie suchen Wohlbefinden f\u00fcr Ihre Wohnung?\" \/>\n<meta name=\"robots\" content=\"index, follow, max-snippet:-1, max-image-preview:large, max-video-preview:-1\" \/>\n<link rel=\"canonical\" href=\"https:\/\/www.loetsch.at\/wordpress_3\/raeucherwaren\/\" \/>\n<meta property=\"og:locale\" content=\"de_DE\" \/>\n<meta property=\"og:type\" content=\"article\" \/>\n<meta property=\"og:title\" content=\"R\u00e4ucherwaren - Drogerie Max L\u00f6tsch 4840 V\u00f6cklabruck\" \/>\n<meta property=\"og:description\" content=\"Sie suchen Wohlbefinden f\u00fcr Ihre Wohnung?\" \/>\n<meta property=\"og:url\" content=\"https:\/\/www.loetsch.at\/wordpress_3\/raeucherwaren\/\" \/>\n<meta property=\"og:site_name\" content=\"Drogerie Max L\u00f6tsch 4840 V\u00f6cklabruck\" \/>\n<meta property=\"article:modified_time\" content=\"2024-10-11T13:20:01+00:00\" \/>\n<meta property=\"og:image\" content=\"https:\/\/www.loetsch.at\/wordpress_3\/wp-content\/uploads\/2024\/10\/IMG_20241011_094438149-1-scaled-e1728652554787.jpg\" \/>\n\t<meta property=\"og:image:width\" content=\"1440\" \/>\n\t<meta property=\"og:image:height\" content=\"2163\" \/>\n\t<meta property=\"og:image:type\" content=\"image\/jpeg\" \/>\n<meta name=\"twitter:card\" content=\"summary_large_image\" \/>\n<meta name=\"twitter:label1\" content=\"Gesch\u00e4tzte Lesezeit\" \/>\n\t<meta name=\"twitter:data1\" content=\"2\u00a0Minuten\" \/>\n<script type=\"application\/ld+json\" class=\"yoast-schema-graph\">{\"@context\":\"https:\\\/\\\/schema.org\",\"@graph\":[{\"@type\":\"WebPage\",\"@id\":\"https:\\\/\\\/www.loetsch.at\\\/wordpress_3\\\/raeucherwaren\\\/\",\"url\":\"https:\\\/\\\/www.loetsch.at\\\/wordpress_3\\\/raeucherwaren\\\/\",\"name\":\"R\u00e4ucherwaren - Drogerie Max L\u00f6tsch 4840 V\u00f6cklabruck\",\"isPartOf\":{\"@id\":\"https:\\\/\\\/www.loetsch.at\\\/wordpress_3\\\/#website\"},\"primaryImageOfPage\":{\"@id\":\"https:\\\/\\\/www.loetsch.at\\\/wordpress_3\\\/raeucherwaren\\\/#primaryimage\"},\"image\":{\"@id\":\"https:\\\/\\\/www.loetsch.at\\\/wordpress_3\\\/raeucherwaren\\\/#primaryimage\"},\"thumbnailUrl\":\"https:\\\/\\\/www.loetsch.at\\\/wordpress_3\\\/wp-content\\\/uploads\\\/2024\\\/10\\\/IMG_20241011_094438149-1-scaled-e1728652554787.jpg\",\"datePublished\":\"2024-07-30T12:26:18+00:00\",\"dateModified\":\"2024-10-11T13:20:01+00:00\",\"description\":\"Sie suchen Wohlbefinden f\u00fcr Ihre Wohnung?\",\"breadcrumb\":{\"@id\":\"https:\\\/\\\/www.loetsch.at\\\/wordpress_3\\\/raeucherwaren\\\/#breadcrumb\"},\"inLanguage\":\"de\",\"potentialAction\":[{\"@type\":\"ReadAction\",\"target\":[\"https:\\\/\\\/www.loetsch.at\\\/wordpress_3\\\/raeucherwaren\\\/\"]}]},{\"@type\":\"ImageObject\",\"inLanguage\":\"de\",\"@id\":\"https:\\\/\\\/www.loetsch.at\\\/wordpress_3\\\/raeucherwaren\\\/#primaryimage\",\"url\":\"https:\\\/\\\/www.loetsch.at\\\/wordpress_3\\\/wp-content\\\/uploads\\\/2024\\\/10\\\/IMG_20241011_094438149-1-scaled-e1728652554787.jpg\",\"contentUrl\":\"https:\\\/\\\/www.loetsch.at\\\/wordpress_3\\\/wp-content\\\/uploads\\\/2024\\\/10\\\/IMG_20241011_094438149-1-scaled-e1728652554787.jpg\",\"width\":1440,\"height\":2163},{\"@type\":\"BreadcrumbList\",\"@id\":\"https:\\\/\\\/www.loetsch.at\\\/wordpress_3\\\/raeucherwaren\\\/#breadcrumb\",\"itemListElement\":[{\"@type\":\"ListItem\",\"position\":1,\"name\":\"Startseite\",\"item\":\"https:\\\/\\\/www.loetsch.at\\\/wordpress_3\\\/\"},{\"@type\":\"ListItem\",\"position\":2,\"name\":\"R\u00e4ucherwaren\"}]},{\"@type\":\"WebSite\",\"@id\":\"https:\\\/\\\/www.loetsch.at\\\/wordpress_3\\\/#website\",\"url\":\"https:\\\/\\\/www.loetsch.at\\\/wordpress_3\\\/\",\"name\":\"Drogerie Max L\u00f6tsch 4840 V\u00f6cklabruck\",\"description\":\"\",\"potentialAction\":[{\"@type\":\"SearchAction\",\"target\":{\"@type\":\"EntryPoint\",\"urlTemplate\":\"https:\\\/\\\/www.loetsch.at\\\/wordpress_3\\\/?s={search_term_string}\"},\"query-input\":{\"@type\":\"PropertyValueSpecification\",\"valueRequired\":true,\"valueName\":\"search_term_string\"}}],\"inLanguage\":\"de\"}]}<\/script>\n<!-- \/ Yoast SEO plugin. -->","yoast_head_json":{"title":"R\u00e4ucherwaren - Drogerie Max L\u00f6tsch 4840 V\u00f6cklabruck","description":"Sie suchen Wohlbefinden f\u00fcr Ihre Wohnung?","robots":{"index":"index","follow":"follow","max-snippet":"max-snippet:-1","max-image-preview":"max-image-preview:large","max-video-preview":"max-video-preview:-1"},"canonical":"https:\/\/www.loetsch.at\/wordpress_3\/raeucherwaren\/","og_locale":"de_DE","og_type":"article","og_title":"R\u00e4ucherwaren - Drogerie Max L\u00f6tsch 4840 V\u00f6cklabruck","og_description":"Sie suchen Wohlbefinden f\u00fcr Ihre Wohnung?","og_url":"https:\/\/www.loetsch.at\/wordpress_3\/raeucherwaren\/","og_site_name":"Drogerie Max L\u00f6tsch 4840 V\u00f6cklabruck","article_modified_time":"2024-10-11T13:20:01+00:00","og_image":[{"width":1440,"height":2163,"url":"https:\/\/www.loetsch.at\/wordpress_3\/wp-content\/uploads\/2024\/10\/IMG_20241011_094438149-1-scaled-e1728652554787.jpg","type":"image\/jpeg"}],"twitter_card":"summary_large_image","twitter_misc":{"Gesch\u00e4tzte Lesezeit":"2\u00a0Minuten"},"schema":{"@context":"https:\/\/schema.org","@graph":[{"@type":"WebPage","@id":"https:\/\/www.loetsch.at\/wordpress_3\/raeucherwaren\/","url":"https:\/\/www.loetsch.at\/wordpress_3\/raeucherwaren\/","name":"R\u00e4ucherwaren - Drogerie Max L\u00f6tsch 4840 V\u00f6cklabruck","isPartOf":{"@id":"https:\/\/www.loetsch.at\/wordpress_3\/#website"},"primaryImageOfPage":{"@id":"https:\/\/www.loetsch.at\/wordpress_3\/raeucherwaren\/#primaryimage"},"image":{"@id":"https:\/\/www.loetsch.at\/wordpress_3\/raeucherwaren\/#primaryimage"},"thumbnailUrl":"https:\/\/www.loetsch.at\/wordpress_3\/wp-content\/uploads\/2024\/10\/IMG_20241011_094438149-1-scaled-e1728652554787.jpg","datePublished":"2024-07-30T12:26:18+00:00","dateModified":"2024-10-11T13:20:01+00:00","description":"Sie suchen Wohlbefinden f\u00fcr Ihre Wohnung?","breadcrumb":{"@id":"https:\/\/www.loetsch.at\/wordpress_3\/raeucherwaren\/#breadcrumb"},"inLanguage":"de","potentialAction":[{"@type":"ReadAction","target":["https:\/\/www.loetsch.at\/wordpress_3\/raeucherwaren\/"]}]},{"@type":"ImageObject","inLanguage":"de","@id":"https:\/\/www.loetsch.at\/wordpress_3\/raeucherwaren\/#primaryimage","url":"https:\/\/www.loetsch.at\/wordpress_3\/wp-content\/uploads\/2024\/10\/IMG_20241011_094438149-1-scaled-e1728652554787.jpg","contentUrl":"https:\/\/www.loetsch.at\/wordpress_3\/wp-content\/uploads\/2024\/10\/IMG_20241011_094438149-1-scaled-e1728652554787.jpg","width":1440,"height":2163},{"@type":"BreadcrumbList","@id":"https:\/\/www.loetsch.at\/wordpress_3\/raeucherwaren\/#breadcrumb","itemListElement":[{"@type":"ListItem","position":1,"name":"Startseite","item":"https:\/\/www.loetsch.at\/wordpress_3\/"},{"@type":"ListItem","position":2,"name":"R\u00e4ucherwaren"}]},{"@type":"WebSite","@id":"https:\/\/www.loetsch.at\/wordpress_3\/#website","url":"https:\/\/www.loetsch.at\/wordpress_3\/","name":"Drogerie Max L\u00f6tsch 4840 V\u00f6cklabruck","description":"","potentialAction":[{"@type":"SearchAction","target":{"@type":"EntryPoint","urlTemplate":"https:\/\/www.loetsch.at\/wordpress_3\/?s={search_term_string}"},"query-input":{"@type":"PropertyValueSpecification","valueRequired":true,"valueName":"search_term_string"}}],"inLanguage":"de"}]}},"_links":{"self":[{"href":"https:\/\/www.loetsch.at\/wordpress_3\/wp-json\/wp\/v2\/pages\/3696","targetHints":{"allow":["GET"]}}],"collection":[{"href":"https:\/\/www.loetsch.at\/wordpress_3\/wp-json\/wp\/v2\/pages"}],"about":[{"href":"https:\/\/www.loetsch.at\/wordpress_3\/wp-json\/wp\/v2\/types\/page"}],"author":[{"embeddable":true,"href":"https:\/\/www.loetsch.at\/wordpress_3\/wp-json\/wp\/v2\/users\/1"}],"replies":[{"embeddable":true,"href":"https:\/\/www.loetsch.at\/wordpress_3\/wp-json\/wp\/v2\/comments?post=3696"}],"version-history":[{"count":9,"href":"https:\/\/www.loetsch.at\/wordpress_3\/wp-json\/wp\/v2\/pages\/3696\/revisions"}],"predecessor-version":[{"id":4231,"href":"https:\/\/www.loetsch.at\/wordpress_3\/wp-json\/wp\/v2\/pages\/3696\/revisions\/4231"}],"wp:featuredmedia":[{"embeddable":true,"href":"https:\/\/www.loetsch.at\/wordpress_3\/wp-json\/wp\/v2\/media\/4213"}],"wp:attachment":[{"href":"https:\/\/www.loetsch.at\/wordpress_3\/wp-json\/wp\/v2\/media?parent=3696"}],"curies":[{"name":"wp","href":"https:\/\/api.w.org\/{rel}","templated":true}]}}