{"id":3040,"date":"2024-03-16T14:41:33","date_gmt":"2024-03-16T14:41:33","guid":{"rendered":"https:\/\/www.loetsch.at\/wordpress_3\/?page_id=3040"},"modified":"2024-03-23T16:00:18","modified_gmt":"2024-03-23T16:00:18","slug":"energie-fuer-den-tag","status":"publish","type":"page","link":"https:\/\/www.loetsch.at\/wordpress_3\/energie-fuer-den-tag\/","title":{"rendered":"Energie f\u00fcr den Tag"},"content":{"rendered":"\n<h1 class=\"wp-block-heading has-large-font-size\"><strong>nach Seminaren von Dr. Ewald T\u00f6th (Ganzheitsmediziner)<br>by maximilian l\u00f6tsch<\/strong><\/h1>\n\n\n\n<figure class=\"wp-block-image aligncenter\"><img decoding=\"async\" src=\"https:\/\/www.loetsch.at\/wordpress\/wp-content\/uploads\/2022\/03\/power.jpg\" alt=\"\" class=\"wp-image-111\"\/><\/figure>\n\n\n\n<h3 class=\"wp-block-heading\"><strong>1. nach dem Fr\u00fchst\u00fcck:&nbsp;<\/strong><\/h3>\n\n\n\n<h2 class=\"wp-block-heading has-large-font-size\">a) <strong>Energiewecken:<\/strong><\/h2>\n\n\n\n<h4 class=\"wp-block-heading alignwide has-luminous-vivid-orange-background-color has-background has-large-font-size\"><strong>Die Energie im K\u00f6rper sollte vom Kopfscheitel zum Zwerchfell und dann in die F\u00fc\u00dfe flie\u00dfen. Dabei sind meist das Kiefer und die Knie als Energiesperren zu \u00fcberwinden.<\/strong><\/h4>\n\n\n\n<h4 class=\"wp-block-heading alignwide has-luminous-vivid-orange-background-color has-background has-large-font-size\"><strong>Ein Lockern des Kiefers (durch Bewegung) senkt den Muskeltonus im ganzen K\u00f6rper, ein leichtes Anwinkeln der Knie vermeidet den Venenstau&nbsp; und ein Heben und Senken der Fu\u00dfspitzen erm\u00f6glicht den Energieflu\u00df bis in die Zehen, der durch Sch\u00fctteln der Beine unterst\u00fctzt werden kann. Nach Sch\u00fctteln der H\u00e4nde ist die Energie (=W\u00e4rme) in den Fingerspitzen (wie auch in den Zehenspitzen) sp\u00fcrbar!<\/strong><\/h4>\n\n\n\n<h4 class=\"wp-block-heading alignwide has-luminous-vivid-orange-background-color has-background has-large-font-size\"><strong>Das Zwerchfell stellt die energetische Verbindung von oberer und unterer K\u00f6rperh\u00e4lfte dar. Durch Atmen wird das Zwerchfell, das Chi, energetisiert. Durch&nbsp; einatmen wird das Zwerchfell gehoben, beim ausatmen tief und fest mit den H\u00e4nden nachdr\u00fccken, damit auch Gef\u00fchle zum laufen kommen k\u00f6nnen.&nbsp;&nbsp; Zumindest 5x, dann sanftes Klopfen auf das Zwerchfell,&nbsp; bewirkt ein Aufwecken unserer Zentralenergie.<\/strong><\/h4>\n\n\n\n<p><\/p>\n\n\n\n<figure class=\"wp-block-image aligncenter is-resized\"><img decoding=\"async\" src=\"https:\/\/www.loetsch.at\/wordpress\/wp-content\/uploads\/2022\/03\/Fotolia_28045761_M_\u00a9Antrey_Ameise-1024x768-1024x768-1.jpg\" alt=\"\" class=\"wp-image-108\" style=\"width:453px;height:auto\"\/><\/figure>\n\n\n\n<h4 class=\"wp-block-heading alignwide has-luminous-vivid-orange-background-color has-background has-large-font-size\"><strong>Wippen Sie auf den Zehenspitzen und laufen Sie ganz leicht auf dem Stand, versuchen Sie zuerst die Zehen, dann die&nbsp; Fu\u00dfsohlen, Sprunggelenk, Knie und H\u00fcftgelenke zu sp\u00fcren. Sagen Sie sich z.B. vor. \u201eIch sp\u00fcre jede Zehe, meine ganze Fu\u00dfsohle ber\u00fchrt den Boden, ich bewege meine Sprunggelenke. Das Sprunggelenk ist verbunden mit dem Schienbein, das Schienbein bewegt das Knie, das Knie bewegt den Oberschenkel, der Oberschenkel bewegt sich in der H\u00fcfte \u201e. Strecken Sie Ihre Wirbels\u00e4ule und \u201eerf\u00fchlen\u201c Sie Ihre Schultern, an denen die Gelenke ihrer Oberarme sitzen. Heben Sie die Schultern, bewegen&nbsp; Sie die angewinkelten Arme aus der hochgehobenen Schulter heraus.&nbsp; Danach recken Sie Arme und die H\u00e4nde in die H\u00f6he, sch\u00fctteln Sie sie, lassen Sie die Sonne bzw. Energie durch die nach oben gestreckten H\u00e4nde \u00fcber den K\u00f6rper in Beine und letzlich durch Sie hindurch in den Boden str\u00f6men.<\/strong><\/h4>\n\n\n\n<h2 class=\"wp-block-heading has-large-font-size\">b) <strong>Verwurzelung:<\/strong><\/h2>\n\n\n\n<h4 class=\"wp-block-heading alignwide has-luminous-vivid-orange-background-color has-background has-large-font-size\"><strong>Festen Boden unter den F\u00fc\u00dfen suchen, richtig mental verwurzeln (Erdung bis tief in die Erde, Luftwurzeln aus der K\u00f6rpermitte aus allen Richtungen in die Erde vorstellen, mich wirft nichts um!) Jetzt sind&nbsp; Sie bereit f\u00fcr jeden noch so anstrengenden Tag.<\/strong><\/h4>\n\n\n\n<h3 class=\"wp-block-heading\"><strong>2. Im Laufe des Vormittags:<\/strong><\/h3>\n\n\n\n<h4 class=\"wp-block-heading has-large-font-size\"><strong><a href=\"https:\/\/www.loetsch.at\/wordpress_3\/basen-mineralmischung\/\">Einnahme der Basen-Mineralmischung nach Dr. T\u00f6th<\/a><\/strong><\/h4>\n\n\n\n<figure class=\"wp-block-image aligncenter size-full is-resized\"><img decoding=\"async\" src=\"https:\/\/www.loetsch.at\/wordpress_3\/wp-content\/uploads\/2024\/03\/basen-mineral-mischung-lqa-pulver-500-g-00692848-0_2.jpg\" alt=\"\" class=\"wp-image-3031\" style=\"width:317px;height:auto\"\/><\/figure>\n\n\n\n<h4 class=\"wp-block-heading alignwide has-luminous-vivid-orange-background-color has-background has-large-font-size\"><strong>Eine t\u00e4glich eingenommene Basenmineralmischung bewirkt, dass der K\u00f6rper, der Mineralien zum S\u00e4ureausgleich braucht, nicht auf seine eigenen Mineraliendepots wie Knochen, Haut, Z\u00e4hne (=Kariesgefahr), Blutgef\u00e4\u00dfe und Gelenke (!) usw. zugreift, was eine sogenannte Abnutzung der Gelenke, extreme Trockenheit der Haut oder eine&nbsp; durch die Cholesterin\u00fcberproduktion bewirkte Arterienverengung zur Folge hat.<\/strong><\/h4>\n\n\n\n<h4 class=\"wp-block-heading alignwide has-luminous-vivid-orange-background-color has-background has-large-font-size\"><strong>Trinken, trinken, trinken<\/strong><\/h4>\n\n\n\n<h4 class=\"wp-block-heading alignwide has-luminous-vivid-orange-background-color has-background has-large-font-size\"><strong>Die Basenmineralmischung nach Dr. T\u00f6th ist Mineralienlieferant f\u00fcr Zelle und Lymphe zum S\u00e4ureausgleich. Im Laufe des Tages sind dann zumindest 2 bis 2,5 liter Leitungswasser (kein Mineralwasser !) oder Kr\u00e4utertee notwendig, damit der K\u00f6rper die durch die Basen-Mineralmischung neutralisierten S\u00e4uren nicht als Schlacken deponiert. Diese Schlacken werden ansonst zuerst im Lymphenbereich, sprich Bindegewebe z.b Cellulitis, abgelagert, in weiterer Folge in den Gelenken (Rheuma ) oder in den Organen selbst&nbsp; als Gallen- oder Nierensteine abgelagert.<br>Mineralwasser sollte gemieden werden. Es enth\u00e4lt keine organisch gel\u00f6sten Mineralien, hat nicht die geeignete Schwingung zur S\u00e4ureneutralisierung<\/strong>.<\/h4>\n\n\n\n<h4 class=\"wp-block-heading alignwide has-luminous-vivid-orange-background-color has-background has-large-font-size\"><strong>Ein K\u00f6rper ist dann am leistungsf\u00e4higsten, wenn die K\u00f6rperfl\u00fcssigkeiten top sind. Eine durchschlackte Lymphe und in weiterer Folge schlimmer noch ein \u00fcbers\u00e4uertes Blut ( Gefahr f\u00fcr Infarkte) bewirken einen schwachen N\u00e4hrstoffdurchlauf, eine schw\u00e4chere Dr\u00fcsenleistung, eine Gef\u00e4hrdung des Nervenger\u00fcsts usw.. Ist die Lymphe als Depot ausgereizt, kommen die Organe dran, Nierensteine, Gallensteine, Gelenksentz\u00fcndungen usw. sind die programmierte Folge.<\/strong><\/h4>\n\n\n\n<h4 class=\"wp-block-heading alignwide has-luminous-vivid-orange-background-color has-background has-large-font-size\"><strong>Wichtig:<br>&nbsp;S\u00e4uernd ist alles S\u00fc\u00dfe, Kaffee, auch schwarzer Tee, zuviel Fleisch, Rindsuppenw\u00fcrfel !!!, Wei\u00dfbrote usw., nat\u00fcrlich auch der Stress. Unsere Nahrung sollte zu 80% aus Basen und zu 20% aus S\u00e4uren bestehen.<br>Es gibt die Theorie, dass der mineraliensuchende K\u00f6rper das Calcium aus den Blutgef\u00e4\u00dfen herauszieht. Der K\u00f6rper reagiert mit einer Reparaturma\u00dfnahme der so geschw\u00e4chten Arterien und bildet Cholesterin, das nicht beste Qualit\u00e4t hat. Cholesterin daher nicht immer ein Fettproblem !!<\/strong><\/h4>\n\n\n\n<h4 class=\"wp-block-heading\"><strong>Die Nieren:<\/strong><\/h4>\n\n\n\n<h4 class=\"wp-block-heading alignwide has-vivid-green-cyan-background-color has-background has-large-font-size\"><strong>Nachdem viele Menschen R\u00fcckenprobleme haben, ist ein mehrmaliges Energetisieren des Nierenbereiches sinnvoll. Man atmet sozusagen in die Nieren, zuerst in die rechte, dann in die linke. Hand auf die Niere, 5-10 x tiefes atmen in die Nierengegend, die sich beim einatmen hebt und beim ausatmen senkt. Danach heraufklopfen der Energie aus dem Ges\u00e4\u00dfbereich heraus seitlich der Wirbels\u00e4ule bis oberhalb der Nierengegend. Das Klopfen kann sowohl mit Handfl\u00e4chen als auch mit dem Handr\u00fccken erfolgen, energieschwache Stellen fangen extrem zu kribbeln an. Danach ist der Nierenbereich gut durchw\u00e4rmt und viel \u00f6fter schmerzfrei.<\/strong><\/h4>\n\n\n\n<p class=\"has-large-font-size\"><strong>Hin und wieder das Chi aktivieren !&nbsp;&nbsp;&nbsp; Merke: der Geist bewegt das Chi, das Chi bewegt den K\u00f6rper !<\/strong><\/p>\n\n\n\n<figure class=\"wp-block-image\"><img decoding=\"async\" src=\"https:\/\/www.loetsch.at\/wordpress\/wp-content\/uploads\/2022\/03\/chi-1.jpg\" alt=\"\" class=\"wp-image-112\"\/><figcaption class=\"wp-element-caption\"><strong>Wecke das CHI<\/strong><\/figcaption><\/figure>\n\n\n\n<h3 class=\"wp-block-heading\"><strong>3. Der Nachmittag:<\/strong><\/h3>\n\n\n\n<h4 class=\"wp-block-heading\"><strong><a href=\"https:\/\/www.loetsch.at\/wordpress_3\/zellaktivator\/\">D<\/a><a href=\"https:\/\/www.loetsch.at\/wordpress\/zellaktivator\/\">er Zellaktivator<\/a><\/strong><\/h4>\n\n\n\n<h4 class=\"wp-block-heading alignwide has-luminous-vivid-orange-background-color has-background has-large-font-size\"><strong>Alles Leben dieser Erde entsteht und w\u00e4chst mit Hilfe des Sonnenlichts! Jede Zelle unseres&nbsp; K\u00f6rpers wird von Licht gesteuert und von Lichtquanten ern\u00e4hrt. Auch der feinstoffliche K\u00f6rper und die Seele ben\u00f6tigen Licht als Nahrung. Dr. med. Ewald T\u00f6th hat unter Verwendung von superionisiertem Wasser, Licht, Naturkristallsalz und \u00c4therkraft ein \u00fcberzeugendes \u201eLebensmittel\u201c entwickelt, das sowohl der Zellentgiftung, der Reduzierung der Zellalterung, der Leistungssteigerung im Sport und Alltag als auch der Regulierung des mikrobiologischen Milieus dient. Nicht vergessen sei die Radikalenf\u00e4ngerwirkung, z.b. f\u00fcr Raucher von hohem Wert!<\/strong><\/h4>\n\n\n\n<p><\/p>\n\n\n\n<figure class=\"wp-block-image aligncenter size-full is-resized\"><img decoding=\"async\" src=\"https:\/\/www.loetsch.at\/wordpress_3\/wp-content\/uploads\/2023\/12\/toeth-zellaktivator-1.jpg\" alt=\"\" class=\"wp-image-2469\" style=\"width:358px;height:auto\"\/><\/figure>\n\n\n\n<h4 class=\"wp-block-heading alignwide has-luminous-vivid-orange-background-color has-background has-large-font-size\"><strong>Jetzt ist ein guter Zeitpunkt f\u00fcr den Zellaktivator, \u00fcberhaupt dann, wenn noch einiges an Arbeit ansteht: 10 ml auf 1 Liter Wasser, \u00fcber den Nachmittag verteilt.<br>Ganz allgemein gilt: um den Organen bzw. den K\u00f6rperzellen neue Energien zu geben, ist die Einnahme von Zellaktivator\/Lichtquanten \u00fcber einen l\u00e4ngeren Zeitraum sinnvoll, weil unsere industrielle Nahrung kaum Sonnenenergie enth\u00e4lt und es so zu dramatischen Energiedefiziten kommt (Depressionen).<\/strong>&nbsp;<\/h4>\n\n\n\n<h4 class=\"wp-block-heading\"><strong><a href=\"https:\/\/www.loetsch.at\/wordpress_3\/melasse-das-schwarze-wunder\/\">Als alternative M\u00f6glichkeit steht die&nbsp;Melasse, eine wahre Mineralienbombe, zur Verf\u00fcgung.<\/a><\/strong><\/h4>\n\n\n\n<figure class=\"wp-block-image aligncenter size-full is-resized\"><img decoding=\"async\" src=\"https:\/\/www.loetsch.at\/wordpress_3\/wp-content\/uploads\/2023\/12\/MelasseNeu-3.png\" alt=\"\" class=\"wp-image-2474\" style=\"width:170px;height:auto\"\/><figcaption class=\"wp-element-caption\">MELASSE, das s<strong>chwarze Wunder<\/strong><\/figcaption><\/figure>\n\n\n\n<h3 class=\"wp-block-heading\"><strong>4. Der Abend:<\/strong><\/h3>\n\n\n\n<h4 class=\"wp-block-heading alignwide has-luminous-vivid-orange-background-color has-background has-large-font-size\"><strong>Man sollte sich bem\u00fchen, immer wieder die Energie im K\u00f6rper zu wecken und flie\u00dfen zu lassen, damit keine Stauungen entstehen. (Technik siehe oben). Wer sich mit Meridianen besch\u00e4ftigt, kann gestaute Zonen \u00e4u\u00dferlich aktivieren.<\/strong><\/h4>\n\n\n\n<h4 class=\"wp-block-heading alignwide has-luminous-vivid-orange-background-color has-background has-large-font-size\"><strong>Gut bew\u00e4hrt hat sich auch eine zumindest 5 min\u00fctige gr\u00fcndliche Massage, kneten und klopfen der Fu\u00dfsohle, weil man hier die Energie des ganzen K\u00f6rpers inkl. Lymphfl\u00fcssigkeit erreicht. Die Zehen finden im Kopf und Gesichtsbereich ihre Entsprechung, je mehr man sich der Ferse n\u00e4hert, umso mehr bearbeitet man die Energiezentren abw\u00e4rts der K\u00f6rpermitte. Die Lymphanregung erfolgt dort, wo die Zehen beginnen bzw. zwischen den Zehen.<\/strong><\/h4>\n\n\n\n<blockquote class=\"wp-block-quote is-layout-flow wp-block-quote-is-layout-flow\">\n<p class=\"has-large-font-size\"><strong>wer aura sehen kann, sollte jetzt noch seine aura \u00fcberpr\u00fcfen und er sollte sich noch einige mentale techniken f\u00fcr den n\u00e4chsten tag zurechtlegen:&nbsp; beispiel: wer viel stiegensteigen muss, stellt sich ein seil um seine k\u00f6rpermitte vor, das ihn nach oben zieht. \u00fcben und ausprobieren, der effekt ist verbl\u00fcffend.<\/strong><\/p>\n<\/blockquote>\n\n\n\n<h3 class=\"wp-block-heading\"><strong>5. Enorm wichtige Sonderprobleme:<\/strong><\/h3>\n\n\n\n<p class=\"has-large-font-size\"><strong>Sonderproblem Entschlackung:<\/strong><\/p>\n\n\n\n<h4 class=\"wp-block-heading alignwide has-white-color has-vivid-purple-background-color has-text-color has-background has-link-color has-large-font-size wp-elements-ba4e279e0689e113aea502bbacace812\"><strong>Zunehmende Verschlackung bedeutet zunehmenden Alterungsprozess bzw. abnehmende Leistungsf\u00e4higkeit. Sowohl k\u00f6rperlich als auch geistig<\/strong>.<\/h4>\n\n\n\n<h4 class=\"wp-block-heading alignwide has-white-color has-vivid-purple-background-color has-text-color has-background has-link-color has-large-font-size wp-elements-b087698f3b12d52136c3849e4f269b80\"><strong>Derjenige, der regelm\u00e4\u00dfig Basenmineralmischung nach Dr. T\u00f6th nimmt und 2-2,5 liter Wasser t\u00e4glich trinkt, wird kaum verschlacken und hat keine Probleme.<br>Derjenige, der verschlackt ist, schl\u00e4gt mit der Basenmineralmischung nach Dr. T\u00f6th zwei Fliegen mit einer Klappe. Sie bricht die Schlackenverbindung auf und gew\u00e4hrleistet gleichzeitig die Neutralisierung der beim Aufbrechen wieder frei werdenden S\u00e4uren. Jetzt hei\u00dft es aber trotzdem trinken, trinken, trinken, damit ausgeschwemmt werden kann.<\/strong><\/h4>\n\n\n\n<h2 class=\"wp-block-heading alignwide has-luminous-vivid-orange-background-color has-background has-large-font-size\"><strong>Achtung: wird bei gro\u00dfer Verschlackung nur Kr\u00e4utertee getrunken und keine Mineralien nachgereicht, dann bricht zwar der Tee die Verbindung Mineral und Salz, also die Schlacke, auf. Dabei wird dummerweise das Salz der S\u00e4ure wieder zur aktiven S\u00e4ure und damit&nbsp; zu einem zus\u00e4tzlichen S\u00e4urelieferanten, und die Gefahr eines Infarktes steht im Raum, da das Blut sauer und damit steif und unelastisch wird und es zu massiven Durchblutungsproblemen bis zum Infarkt kommen kann. Wird in dieser Phase zuwenig getrunken, beginnt der K\u00f6rper Wasser in den Beinen zur\u00fcckzuhalten, weil die \u201eVerd\u00fcnnung\u201c der S\u00e4ure zuwenig ist und der K\u00f6rper den S\u00e4ureschub f\u00fcrchtet.<\/strong><\/h2>\n\n\n\n<p class=\"has-large-font-size\"><strong>Bei den Entschlackungsma\u00dfnahmen muss man achten, in welchem Zustand man sich befindet !!<\/strong><\/p>\n\n\n\n<p class=\"has-large-font-size\"><strong>Sonderproblem Ausleitung:<\/strong><\/p>\n\n\n\n<h4 class=\"wp-block-heading alignwide has-luminous-vivid-orange-background-color has-background has-large-font-size\"><strong>Nahezu immer sind bei stark verschlackten Menschen die Nieren nicht allzu leistungsf\u00e4hig, da sie sich vor zu sauren Fl\u00fcssigkeiten sch\u00fctzen und nicht aktiv werden. Das merkt man an bamstigen Fingern und dunklen Ringen unter den Augen. Sehr wichtig ist daher die Ausleitung durch ein&nbsp;Basenvollbad oder ein Basenfu\u00dfbad, das durch die osmotischen Eigenschaften zwischen S\u00e4uren und Basen die Schlacken nach au\u00dfen zieht. die gebadeten F\u00fc\u00dfe wirken hier wie eine Hilfsniere! baden, baden, baden!<\/strong><\/h4>\n\n\n\n<figure class=\"wp-block-image aligncenter\"><img decoding=\"async\" src=\"https:\/\/www.loetsch.at\/wordpress\/wp-content\/uploads\/2022\/03\/power.jpg\" alt=\"\" class=\"wp-image-111\"\/><\/figure>\n","protected":false},"excerpt":{"rendered":"<p>nach Seminaren von Dr. Ewald T\u00f6th (Ganzheitsmediziner)by maximilian l\u00f6tsch 1. nach dem Fr\u00fchst\u00fcck:&nbsp; a) Energiewecken: Die Energie im K\u00f6rper sollte vom Kopfscheitel zum Zwerchfell und dann in die F\u00fc\u00dfe flie\u00dfen. Dabei sind meist das Kiefer und die Knie als Energiesperren zu \u00fcberwinden. Ein Lockern des Kiefers (durch Bewegung) senkt den Muskeltonus im ganzen K\u00f6rper, ein [&hellip;]<\/p>\n","protected":false},"author":1,"featured_media":0,"parent":0,"menu_order":0,"comment_status":"closed","ping_status":"closed","template":"","meta":{"footnotes":""},"class_list":["post-3040","page","type-page","status-publish","hentry"],"yoast_head":"<!-- This site is optimized with the Yoast SEO plugin v27.4 - https:\/\/yoast.com\/product\/yoast-seo-wordpress\/ -->\n<title>Energie f\u00fcr den Tag - Drogerie Max L\u00f6tsch 4840 V\u00f6cklabruck<\/title>\n<meta name=\"robots\" content=\"index, follow, max-snippet:-1, max-image-preview:large, max-video-preview:-1\" \/>\n<link rel=\"canonical\" href=\"https:\/\/www.loetsch.at\/wordpress_3\/energie-fuer-den-tag\/\" \/>\n<meta property=\"og:locale\" content=\"de_DE\" \/>\n<meta property=\"og:type\" content=\"article\" \/>\n<meta property=\"og:title\" content=\"Energie f\u00fcr den Tag - Drogerie Max L\u00f6tsch 4840 V\u00f6cklabruck\" \/>\n<meta property=\"og:description\" content=\"nach Seminaren von Dr. Ewald T\u00f6th (Ganzheitsmediziner)by maximilian l\u00f6tsch 1. nach dem Fr\u00fchst\u00fcck:&nbsp; a) Energiewecken: Die Energie im K\u00f6rper sollte vom Kopfscheitel zum Zwerchfell und dann in die F\u00fc\u00dfe flie\u00dfen. Dabei sind meist das Kiefer und die Knie als Energiesperren zu \u00fcberwinden. Ein Lockern des Kiefers (durch Bewegung) senkt den Muskeltonus im ganzen K\u00f6rper, ein [&hellip;]\" \/>\n<meta property=\"og:url\" content=\"https:\/\/www.loetsch.at\/wordpress_3\/energie-fuer-den-tag\/\" \/>\n<meta property=\"og:site_name\" content=\"Drogerie Max L\u00f6tsch 4840 V\u00f6cklabruck\" \/>\n<meta property=\"article:modified_time\" content=\"2024-03-23T16:00:18+00:00\" \/>\n<meta property=\"og:image\" content=\"https:\/\/www.loetsch.at\/wordpress\/wp-content\/uploads\/2022\/03\/power.jpg\" \/>\n<meta name=\"twitter:card\" content=\"summary_large_image\" \/>\n<meta name=\"twitter:label1\" content=\"Gesch\u00e4tzte Lesezeit\" \/>\n\t<meta name=\"twitter:data1\" content=\"9\u00a0Minuten\" \/>\n<script type=\"application\/ld+json\" class=\"yoast-schema-graph\">{\"@context\":\"https:\\\/\\\/schema.org\",\"@graph\":[{\"@type\":\"WebPage\",\"@id\":\"https:\\\/\\\/www.loetsch.at\\\/wordpress_3\\\/energie-fuer-den-tag\\\/\",\"url\":\"https:\\\/\\\/www.loetsch.at\\\/wordpress_3\\\/energie-fuer-den-tag\\\/\",\"name\":\"Energie f\u00fcr den Tag - Drogerie Max L\u00f6tsch 4840 V\u00f6cklabruck\",\"isPartOf\":{\"@id\":\"https:\\\/\\\/www.loetsch.at\\\/wordpress_3\\\/#website\"},\"primaryImageOfPage\":{\"@id\":\"https:\\\/\\\/www.loetsch.at\\\/wordpress_3\\\/energie-fuer-den-tag\\\/#primaryimage\"},\"image\":{\"@id\":\"https:\\\/\\\/www.loetsch.at\\\/wordpress_3\\\/energie-fuer-den-tag\\\/#primaryimage\"},\"thumbnailUrl\":\"https:\\\/\\\/www.loetsch.at\\\/wordpress\\\/wp-content\\\/uploads\\\/2022\\\/03\\\/power.jpg\",\"datePublished\":\"2024-03-16T14:41:33+00:00\",\"dateModified\":\"2024-03-23T16:00:18+00:00\",\"breadcrumb\":{\"@id\":\"https:\\\/\\\/www.loetsch.at\\\/wordpress_3\\\/energie-fuer-den-tag\\\/#breadcrumb\"},\"inLanguage\":\"de\",\"potentialAction\":[{\"@type\":\"ReadAction\",\"target\":[\"https:\\\/\\\/www.loetsch.at\\\/wordpress_3\\\/energie-fuer-den-tag\\\/\"]}]},{\"@type\":\"ImageObject\",\"inLanguage\":\"de\",\"@id\":\"https:\\\/\\\/www.loetsch.at\\\/wordpress_3\\\/energie-fuer-den-tag\\\/#primaryimage\",\"url\":\"https:\\\/\\\/www.loetsch.at\\\/wordpress\\\/wp-content\\\/uploads\\\/2022\\\/03\\\/power.jpg\",\"contentUrl\":\"https:\\\/\\\/www.loetsch.at\\\/wordpress\\\/wp-content\\\/uploads\\\/2022\\\/03\\\/power.jpg\"},{\"@type\":\"BreadcrumbList\",\"@id\":\"https:\\\/\\\/www.loetsch.at\\\/wordpress_3\\\/energie-fuer-den-tag\\\/#breadcrumb\",\"itemListElement\":[{\"@type\":\"ListItem\",\"position\":1,\"name\":\"Startseite\",\"item\":\"https:\\\/\\\/www.loetsch.at\\\/wordpress_3\\\/\"},{\"@type\":\"ListItem\",\"position\":2,\"name\":\"Energie f\u00fcr den Tag\"}]},{\"@type\":\"WebSite\",\"@id\":\"https:\\\/\\\/www.loetsch.at\\\/wordpress_3\\\/#website\",\"url\":\"https:\\\/\\\/www.loetsch.at\\\/wordpress_3\\\/\",\"name\":\"Drogerie Max L\u00f6tsch 4840 V\u00f6cklabruck\",\"description\":\"\",\"potentialAction\":[{\"@type\":\"SearchAction\",\"target\":{\"@type\":\"EntryPoint\",\"urlTemplate\":\"https:\\\/\\\/www.loetsch.at\\\/wordpress_3\\\/?s={search_term_string}\"},\"query-input\":{\"@type\":\"PropertyValueSpecification\",\"valueRequired\":true,\"valueName\":\"search_term_string\"}}],\"inLanguage\":\"de\"}]}<\/script>\n<!-- \/ Yoast SEO plugin. -->","yoast_head_json":{"title":"Energie f\u00fcr den Tag - Drogerie Max L\u00f6tsch 4840 V\u00f6cklabruck","robots":{"index":"index","follow":"follow","max-snippet":"max-snippet:-1","max-image-preview":"max-image-preview:large","max-video-preview":"max-video-preview:-1"},"canonical":"https:\/\/www.loetsch.at\/wordpress_3\/energie-fuer-den-tag\/","og_locale":"de_DE","og_type":"article","og_title":"Energie f\u00fcr den Tag - Drogerie Max L\u00f6tsch 4840 V\u00f6cklabruck","og_description":"nach Seminaren von Dr. Ewald T\u00f6th (Ganzheitsmediziner)by maximilian l\u00f6tsch 1. nach dem Fr\u00fchst\u00fcck:&nbsp; a) Energiewecken: Die Energie im K\u00f6rper sollte vom Kopfscheitel zum Zwerchfell und dann in die F\u00fc\u00dfe flie\u00dfen. Dabei sind meist das Kiefer und die Knie als Energiesperren zu \u00fcberwinden. Ein Lockern des Kiefers (durch Bewegung) senkt den Muskeltonus im ganzen K\u00f6rper, ein [&hellip;]","og_url":"https:\/\/www.loetsch.at\/wordpress_3\/energie-fuer-den-tag\/","og_site_name":"Drogerie Max L\u00f6tsch 4840 V\u00f6cklabruck","article_modified_time":"2024-03-23T16:00:18+00:00","og_image":[{"url":"https:\/\/www.loetsch.at\/wordpress\/wp-content\/uploads\/2022\/03\/power.jpg","type":"","width":"","height":""}],"twitter_card":"summary_large_image","twitter_misc":{"Gesch\u00e4tzte Lesezeit":"9\u00a0Minuten"},"schema":{"@context":"https:\/\/schema.org","@graph":[{"@type":"WebPage","@id":"https:\/\/www.loetsch.at\/wordpress_3\/energie-fuer-den-tag\/","url":"https:\/\/www.loetsch.at\/wordpress_3\/energie-fuer-den-tag\/","name":"Energie f\u00fcr den Tag - Drogerie Max L\u00f6tsch 4840 V\u00f6cklabruck","isPartOf":{"@id":"https:\/\/www.loetsch.at\/wordpress_3\/#website"},"primaryImageOfPage":{"@id":"https:\/\/www.loetsch.at\/wordpress_3\/energie-fuer-den-tag\/#primaryimage"},"image":{"@id":"https:\/\/www.loetsch.at\/wordpress_3\/energie-fuer-den-tag\/#primaryimage"},"thumbnailUrl":"https:\/\/www.loetsch.at\/wordpress\/wp-content\/uploads\/2022\/03\/power.jpg","datePublished":"2024-03-16T14:41:33+00:00","dateModified":"2024-03-23T16:00:18+00:00","breadcrumb":{"@id":"https:\/\/www.loetsch.at\/wordpress_3\/energie-fuer-den-tag\/#breadcrumb"},"inLanguage":"de","potentialAction":[{"@type":"ReadAction","target":["https:\/\/www.loetsch.at\/wordpress_3\/energie-fuer-den-tag\/"]}]},{"@type":"ImageObject","inLanguage":"de","@id":"https:\/\/www.loetsch.at\/wordpress_3\/energie-fuer-den-tag\/#primaryimage","url":"https:\/\/www.loetsch.at\/wordpress\/wp-content\/uploads\/2022\/03\/power.jpg","contentUrl":"https:\/\/www.loetsch.at\/wordpress\/wp-content\/uploads\/2022\/03\/power.jpg"},{"@type":"BreadcrumbList","@id":"https:\/\/www.loetsch.at\/wordpress_3\/energie-fuer-den-tag\/#breadcrumb","itemListElement":[{"@type":"ListItem","position":1,"name":"Startseite","item":"https:\/\/www.loetsch.at\/wordpress_3\/"},{"@type":"ListItem","position":2,"name":"Energie f\u00fcr den Tag"}]},{"@type":"WebSite","@id":"https:\/\/www.loetsch.at\/wordpress_3\/#website","url":"https:\/\/www.loetsch.at\/wordpress_3\/","name":"Drogerie Max L\u00f6tsch 4840 V\u00f6cklabruck","description":"","potentialAction":[{"@type":"SearchAction","target":{"@type":"EntryPoint","urlTemplate":"https:\/\/www.loetsch.at\/wordpress_3\/?s={search_term_string}"},"query-input":{"@type":"PropertyValueSpecification","valueRequired":true,"valueName":"search_term_string"}}],"inLanguage":"de"}]}},"_links":{"self":[{"href":"https:\/\/www.loetsch.at\/wordpress_3\/wp-json\/wp\/v2\/pages\/3040","targetHints":{"allow":["GET"]}}],"collection":[{"href":"https:\/\/www.loetsch.at\/wordpress_3\/wp-json\/wp\/v2\/pages"}],"about":[{"href":"https:\/\/www.loetsch.at\/wordpress_3\/wp-json\/wp\/v2\/types\/page"}],"author":[{"embeddable":true,"href":"https:\/\/www.loetsch.at\/wordpress_3\/wp-json\/wp\/v2\/users\/1"}],"replies":[{"embeddable":true,"href":"https:\/\/www.loetsch.at\/wordpress_3\/wp-json\/wp\/v2\/comments?post=3040"}],"version-history":[{"count":9,"href":"https:\/\/www.loetsch.at\/wordpress_3\/wp-json\/wp\/v2\/pages\/3040\/revisions"}],"predecessor-version":[{"id":3111,"href":"https:\/\/www.loetsch.at\/wordpress_3\/wp-json\/wp\/v2\/pages\/3040\/revisions\/3111"}],"wp:attachment":[{"href":"https:\/\/www.loetsch.at\/wordpress_3\/wp-json\/wp\/v2\/media?parent=3040"}],"curies":[{"name":"wp","href":"https:\/\/api.w.org\/{rel}","templated":true}]}}