{"id":2339,"date":"2023-06-14T08:07:18","date_gmt":"2023-06-14T08:07:18","guid":{"rendered":"https:\/\/www.loetsch.at\/wordpress_3\/?page_id=2339"},"modified":"2024-02-05T17:06:59","modified_gmt":"2024-02-05T17:06:59","slug":"aetherische-oele","status":"publish","type":"page","link":"https:\/\/www.loetsch.at\/wordpress_3\/aetherische-oele\/","title":{"rendered":"\u00c4therische \u00d6le"},"content":{"rendered":"\n<figure class=\"wp-block-image\"><img decoding=\"async\" src=\"https:\/\/www.loetsch.at\/wordpress\/wp-content\/uploads\/2022\/11\/mini-and-me-aromatherapie-aetherische-oele-lavendel-rose.jpg\" alt=\"\" class=\"wp-image-864\"\/><\/figure>\n\n\n\n<ul class=\"has-black-color has-text-color has-link-color wp-block-list wp-elements-7f1b99f5aa04b1aae5ae3dabf15038f6\">\n<li><a href=\"https:\/\/www.loetsch.at\/wordpress_3\/eisenkraut-aetherisches-oel\/\">Eisenkraut-\u00e4therisches \u00d6l<\/a><\/li>\n\n\n\n<li><a href=\"https:\/\/www.loetsch.at\/wordpress_3\/rosmarin-aetherisches-oel\/\">Rosmarin-\u00e4therisches \u00d6l<\/a><\/li>\n\n\n\n<li><a href=\"https:\/\/www.loetsch.at\/wordpress_3\/salbei-aetherisches-oel\/\">Salbei-\u00e4therisches \u00d6l<\/a><\/li>\n\n\n\n<li><a href=\"https:\/\/www.loetsch.at\/wordpress_3\/thymian-aetherisches-oel\/\">Thymian \u00e4therisches \u00d6l<\/a><\/li>\n\n\n\n<li><a href=\"https:\/\/www.loetsch.at\/wordpress\/eukalyptus-aetherisches-oel\/\">E<\/a><a href=\"https:\/\/www.loetsch.at\/wordpress_3\/eukalyptus-aetherisches-oel\/\">ukalyptus \u00e4therisches \u00d6l<\/a><\/li>\n\n\n\n<li><a href=\"https:\/\/www.loetsch.at\/wordpress_3\/zitrone-aetherisches-oel\/\">Zitrone \u00e4therisches \u00d6l<\/a><\/li>\n\n\n\n<li><a href=\"https:\/\/www.loetsch.at\/wordpress_3\/lavendel-aetherisches-oel\/\">Lavendel \u00e4therisches \u00d6l<\/a><\/li>\n<\/ul>\n","protected":false},"excerpt":{"rendered":"","protected":false},"author":1,"featured_media":0,"parent":0,"menu_order":0,"comment_status":"closed","ping_status":"closed","template":"wp-custom-template-teeneuestes","meta":{"footnotes":""},"class_list":["post-2339","page","type-page","status-publish","hentry"],"yoast_head":"<!-- This site is optimized with the Yoast SEO plugin v27.4 - https:\/\/yoast.com\/product\/yoast-seo-wordpress\/ -->\n<title>\u00c4therische \u00d6le - Drogerie Max L\u00f6tsch 4840 V\u00f6cklabruck<\/title>\n<meta name=\"robots\" content=\"index, follow, max-snippet:-1, max-image-preview:large, max-video-preview:-1\" \/>\n<link rel=\"canonical\" href=\"https:\/\/www.loetsch.at\/wordpress_3\/aetherische-oele\/\" \/>\n<meta property=\"og:locale\" content=\"de_DE\" \/>\n<meta property=\"og:type\" content=\"article\" \/>\n<meta property=\"og:title\" content=\"\u00c4therische \u00d6le - Drogerie Max L\u00f6tsch 4840 V\u00f6cklabruck\" \/>\n<meta property=\"og:url\" content=\"https:\/\/www.loetsch.at\/wordpress_3\/aetherische-oele\/\" \/>\n<meta property=\"og:site_name\" content=\"Drogerie Max L\u00f6tsch 4840 V\u00f6cklabruck\" \/>\n<meta property=\"article:modified_time\" content=\"2024-02-05T17:06:59+00:00\" \/>\n<meta property=\"og:image\" content=\"https:\/\/www.loetsch.at\/wordpress\/wp-content\/uploads\/2022\/11\/mini-and-me-aromatherapie-aetherische-oele-lavendel-rose.jpg\" \/>\n<meta name=\"twitter:card\" content=\"summary_large_image\" \/>\n<meta name=\"twitter:label1\" content=\"Gesch\u00e4tzte Lesezeit\" \/>\n\t<meta name=\"twitter:data1\" content=\"1\u00a0Minute\" \/>\n<script type=\"application\/ld+json\" class=\"yoast-schema-graph\">{\"@context\":\"https:\\\/\\\/schema.org\",\"@graph\":[{\"@type\":\"WebPage\",\"@id\":\"https:\\\/\\\/www.loetsch.at\\\/wordpress_3\\\/aetherische-oele\\\/\",\"url\":\"https:\\\/\\\/www.loetsch.at\\\/wordpress_3\\\/aetherische-oele\\\/\",\"name\":\"\u00c4therische \u00d6le - Drogerie Max L\u00f6tsch 4840 V\u00f6cklabruck\",\"isPartOf\":{\"@id\":\"https:\\\/\\\/www.loetsch.at\\\/wordpress_3\\\/#website\"},\"primaryImageOfPage\":{\"@id\":\"https:\\\/\\\/www.loetsch.at\\\/wordpress_3\\\/aetherische-oele\\\/#primaryimage\"},\"image\":{\"@id\":\"https:\\\/\\\/www.loetsch.at\\\/wordpress_3\\\/aetherische-oele\\\/#primaryimage\"},\"thumbnailUrl\":\"https:\\\/\\\/www.loetsch.at\\\/wordpress\\\/wp-content\\\/uploads\\\/2022\\\/11\\\/mini-and-me-aromatherapie-aetherische-oele-lavendel-rose.jpg\",\"datePublished\":\"2023-06-14T08:07:18+00:00\",\"dateModified\":\"2024-02-05T17:06:59+00:00\",\"breadcrumb\":{\"@id\":\"https:\\\/\\\/www.loetsch.at\\\/wordpress_3\\\/aetherische-oele\\\/#breadcrumb\"},\"inLanguage\":\"de\",\"potentialAction\":[{\"@type\":\"ReadAction\",\"target\":[\"https:\\\/\\\/www.loetsch.at\\\/wordpress_3\\\/aetherische-oele\\\/\"]}]},{\"@type\":\"ImageObject\",\"inLanguage\":\"de\",\"@id\":\"https:\\\/\\\/www.loetsch.at\\\/wordpress_3\\\/aetherische-oele\\\/#primaryimage\",\"url\":\"https:\\\/\\\/www.loetsch.at\\\/wordpress\\\/wp-content\\\/uploads\\\/2022\\\/11\\\/mini-and-me-aromatherapie-aetherische-oele-lavendel-rose.jpg\",\"contentUrl\":\"https:\\\/\\\/www.loetsch.at\\\/wordpress\\\/wp-content\\\/uploads\\\/2022\\\/11\\\/mini-and-me-aromatherapie-aetherische-oele-lavendel-rose.jpg\"},{\"@type\":\"BreadcrumbList\",\"@id\":\"https:\\\/\\\/www.loetsch.at\\\/wordpress_3\\\/aetherische-oele\\\/#breadcrumb\",\"itemListElement\":[{\"@type\":\"ListItem\",\"position\":1,\"name\":\"Startseite\",\"item\":\"https:\\\/\\\/www.loetsch.at\\\/wordpress_3\\\/\"},{\"@type\":\"ListItem\",\"position\":2,\"name\":\"\u00c4therische \u00d6le\"}]},{\"@type\":\"WebSite\",\"@id\":\"https:\\\/\\\/www.loetsch.at\\\/wordpress_3\\\/#website\",\"url\":\"https:\\\/\\\/www.loetsch.at\\\/wordpress_3\\\/\",\"name\":\"Drogerie Max L\u00f6tsch 4840 V\u00f6cklabruck\",\"description\":\"\",\"potentialAction\":[{\"@type\":\"SearchAction\",\"target\":{\"@type\":\"EntryPoint\",\"urlTemplate\":\"https:\\\/\\\/www.loetsch.at\\\/wordpress_3\\\/?s={search_term_string}\"},\"query-input\":{\"@type\":\"PropertyValueSpecification\",\"valueRequired\":true,\"valueName\":\"search_term_string\"}}],\"inLanguage\":\"de\"}]}<\/script>\n<!-- \/ Yoast SEO plugin. -->","yoast_head_json":{"title":"\u00c4therische \u00d6le - Drogerie Max L\u00f6tsch 4840 V\u00f6cklabruck","robots":{"index":"index","follow":"follow","max-snippet":"max-snippet:-1","max-image-preview":"max-image-preview:large","max-video-preview":"max-video-preview:-1"},"canonical":"https:\/\/www.loetsch.at\/wordpress_3\/aetherische-oele\/","og_locale":"de_DE","og_type":"article","og_title":"\u00c4therische \u00d6le - Drogerie Max L\u00f6tsch 4840 V\u00f6cklabruck","og_url":"https:\/\/www.loetsch.at\/wordpress_3\/aetherische-oele\/","og_site_name":"Drogerie Max L\u00f6tsch 4840 V\u00f6cklabruck","article_modified_time":"2024-02-05T17:06:59+00:00","og_image":[{"url":"https:\/\/www.loetsch.at\/wordpress\/wp-content\/uploads\/2022\/11\/mini-and-me-aromatherapie-aetherische-oele-lavendel-rose.jpg","type":"","width":"","height":""}],"twitter_card":"summary_large_image","twitter_misc":{"Gesch\u00e4tzte Lesezeit":"1\u00a0Minute"},"schema":{"@context":"https:\/\/schema.org","@graph":[{"@type":"WebPage","@id":"https:\/\/www.loetsch.at\/wordpress_3\/aetherische-oele\/","url":"https:\/\/www.loetsch.at\/wordpress_3\/aetherische-oele\/","name":"\u00c4therische \u00d6le - Drogerie Max L\u00f6tsch 4840 V\u00f6cklabruck","isPartOf":{"@id":"https:\/\/www.loetsch.at\/wordpress_3\/#website"},"primaryImageOfPage":{"@id":"https:\/\/www.loetsch.at\/wordpress_3\/aetherische-oele\/#primaryimage"},"image":{"@id":"https:\/\/www.loetsch.at\/wordpress_3\/aetherische-oele\/#primaryimage"},"thumbnailUrl":"https:\/\/www.loetsch.at\/wordpress\/wp-content\/uploads\/2022\/11\/mini-and-me-aromatherapie-aetherische-oele-lavendel-rose.jpg","datePublished":"2023-06-14T08:07:18+00:00","dateModified":"2024-02-05T17:06:59+00:00","breadcrumb":{"@id":"https:\/\/www.loetsch.at\/wordpress_3\/aetherische-oele\/#breadcrumb"},"inLanguage":"de","potentialAction":[{"@type":"ReadAction","target":["https:\/\/www.loetsch.at\/wordpress_3\/aetherische-oele\/"]}]},{"@type":"ImageObject","inLanguage":"de","@id":"https:\/\/www.loetsch.at\/wordpress_3\/aetherische-oele\/#primaryimage","url":"https:\/\/www.loetsch.at\/wordpress\/wp-content\/uploads\/2022\/11\/mini-and-me-aromatherapie-aetherische-oele-lavendel-rose.jpg","contentUrl":"https:\/\/www.loetsch.at\/wordpress\/wp-content\/uploads\/2022\/11\/mini-and-me-aromatherapie-aetherische-oele-lavendel-rose.jpg"},{"@type":"BreadcrumbList","@id":"https:\/\/www.loetsch.at\/wordpress_3\/aetherische-oele\/#breadcrumb","itemListElement":[{"@type":"ListItem","position":1,"name":"Startseite","item":"https:\/\/www.loetsch.at\/wordpress_3\/"},{"@type":"ListItem","position":2,"name":"\u00c4therische \u00d6le"}]},{"@type":"WebSite","@id":"https:\/\/www.loetsch.at\/wordpress_3\/#website","url":"https:\/\/www.loetsch.at\/wordpress_3\/","name":"Drogerie Max L\u00f6tsch 4840 V\u00f6cklabruck","description":"","potentialAction":[{"@type":"SearchAction","target":{"@type":"EntryPoint","urlTemplate":"https:\/\/www.loetsch.at\/wordpress_3\/?s={search_term_string}"},"query-input":{"@type":"PropertyValueSpecification","valueRequired":true,"valueName":"search_term_string"}}],"inLanguage":"de"}]}},"_links":{"self":[{"href":"https:\/\/www.loetsch.at\/wordpress_3\/wp-json\/wp\/v2\/pages\/2339","targetHints":{"allow":["GET"]}}],"collection":[{"href":"https:\/\/www.loetsch.at\/wordpress_3\/wp-json\/wp\/v2\/pages"}],"about":[{"href":"https:\/\/www.loetsch.at\/wordpress_3\/wp-json\/wp\/v2\/types\/page"}],"author":[{"embeddable":true,"href":"https:\/\/www.loetsch.at\/wordpress_3\/wp-json\/wp\/v2\/users\/1"}],"replies":[{"embeddable":true,"href":"https:\/\/www.loetsch.at\/wordpress_3\/wp-json\/wp\/v2\/comments?post=2339"}],"version-history":[{"count":14,"href":"https:\/\/www.loetsch.at\/wordpress_3\/wp-json\/wp\/v2\/pages\/2339\/revisions"}],"predecessor-version":[{"id":5014,"href":"https:\/\/www.loetsch.at\/wordpress_3\/wp-json\/wp\/v2\/pages\/2339\/revisions\/5014"}],"wp:attachment":[{"href":"https:\/\/www.loetsch.at\/wordpress_3\/wp-json\/wp\/v2\/media?parent=2339"}],"curies":[{"name":"wp","href":"https:\/\/api.w.org\/{rel}","templated":true}]}}