{"id":2215,"date":"2023-06-11T09:53:02","date_gmt":"2023-06-11T09:53:02","guid":{"rendered":"https:\/\/www.loetsch.at\/wordpress_3\/?page_id=2215"},"modified":"2026-03-05T11:58:54","modified_gmt":"2026-03-05T11:58:54","slug":"sehr-gesund","status":"publish","type":"page","link":"https:\/\/www.loetsch.at\/wordpress_3\/sehr-gesund\/","title":{"rendered":"Sehr gesund"},"content":{"rendered":"\n<p class=\"has-large-font-size\">Hier stellen wir einige sehr interessante \u201eLebensmittel\u201c vor. Zum Durchbl\u00e4ttern\u2026<\/p>\n\n\n\n<figure class=\"wp-block-image\"><img decoding=\"async\" src=\"https:\/\/www.loetsch.at\/wordpress\/wp-content\/uploads\/2022\/11\/enjoi-karin-weingrill-001-1.jpg\" alt=\"\"\/><\/figure>\n\n\n\n<hr class=\"wp-block-separator has-alpha-channel-opacity\"\/>\n\n\n\n<ul class=\"wp-block-list\">\n<li><\/li>\n<\/ul>\n\n\n<ul class=\"wp-block-latest-posts__list has-link-color wp-elements-95c654e90b1502b9c775f8dce986cc86 wp-block-latest-posts has-text-color has-black-color\"><li><a class=\"wp-block-latest-posts__post-title\" href=\"https:\/\/www.loetsch.at\/wordpress_3\/aloe-vera-saft\/\">Aloe Vera Saft<\/a><div class=\"wp-block-latest-posts__post-excerpt\">pur oder als Mixgetr\u00e4nk z.B. mit Apfelsaft 1:2 Erfrischung aus der Natur \u2013 Aloe Vera Saft Bio 490ml von H\u00fcbner Erleben Sie das erfrischende Gef\u00fchl von reinem Aloe\u2026\u00a0<a class=\"wp-block-latest-posts__read-more\" href=\"https:\/\/www.loetsch.at\/wordpress_3\/aloe-vera-saft\/\" rel=\"noopener noreferrer\"><span class=\"screen-reader-text\">Aloe Vera Saft <\/span>weiterlesen<\/a><\/div><\/li>\n<li><a class=\"wp-block-latest-posts__post-title\" href=\"https:\/\/www.loetsch.at\/wordpress_3\/braunhirse-und-silizium\/\">Braunhirse und Silizium<\/a><div class=\"wp-block-latest-posts__post-excerpt\">Silizium \u2013 Der Grundbaustein allen Lebens! Silizium, auch bekannt als Kiesels\u00e4ure oder Zeolith, kommt auf der Erde am zweith\u00e4ufigsten vor, \u00fcbertroffen wird es nur noch von Sauerstoff. Silizium\u2026\u00a0<a class=\"wp-block-latest-posts__read-more\" href=\"https:\/\/www.loetsch.at\/wordpress_3\/braunhirse-und-silizium\/\" rel=\"noopener noreferrer\"><span class=\"screen-reader-text\">Braunhirse und Silizium <\/span>weiterlesen<\/a><\/div><\/li>\n<li><a class=\"wp-block-latest-posts__post-title\" href=\"https:\/\/www.loetsch.at\/wordpress_3\/chiasamen-hanfsamen-schwarzer-sesam\/\">Chiasamen, Hanfsamen, schwarzer Sesam<\/a><div class=\"wp-block-latest-posts__post-excerpt\">Chiasamen Zur Beschreibung der Chia Samen sind Superlative durchaus angemessen \u2013 denn sie sind nicht nur reich an wertvollen Fetts\u00e4uren sondern auch an Ballaststoffen, Vitaminen und Mineralstoffen. Bereits\u2026\u00a0<a class=\"wp-block-latest-posts__read-more\" href=\"https:\/\/www.loetsch.at\/wordpress_3\/chiasamen-hanfsamen-schwarzer-sesam\/\" rel=\"noopener noreferrer\"><span class=\"screen-reader-text\">Chiasamen, Hanfsamen, schwarzer Sesam <\/span>weiterlesen<\/a><\/div><\/li>\n<li><a class=\"wp-block-latest-posts__post-title\" href=\"https:\/\/www.loetsch.at\/wordpress_3\/2222-2\/\">Das Juwel<\/a><div class=\"wp-block-latest-posts__post-excerpt\">Getr\u00e4nk zur Vitalit\u00e4t und Wohlergehen f\u00fcr unseren Organismus. Vorteile von \u201eDas Juwel\u201c: Ganz besonders zu erw\u00e4hnen sind die seltenen und meist untersch\u00e4tzten, jedoch f\u00fcr die Regulation der K\u00f6rperfunktionen\u2026\u00a0<a class=\"wp-block-latest-posts__read-more\" href=\"https:\/\/www.loetsch.at\/wordpress_3\/2222-2\/\" rel=\"noopener noreferrer\"><span class=\"screen-reader-text\">Das Juwel <\/span>weiterlesen<\/a><\/div><\/li>\n<li><a class=\"wp-block-latest-posts__post-title\" href=\"https:\/\/www.loetsch.at\/wordpress_3\/eisen-vital\/\">Eisen-Vital<\/a><div class=\"wp-block-latest-posts__post-excerpt\">St\u00e4rken Sie Ihre Vitalit\u00e4t mit Eisen Vital 500ml von H\u00fcbner Setzen Sie auf nat\u00fcrliche Unterst\u00fctzung f\u00fcr Ihr Wohlbefinden mit Eisen Vital von H\u00fcbner. In der praktischen 500ml Flasche\u2026\u00a0<a class=\"wp-block-latest-posts__read-more\" href=\"https:\/\/www.loetsch.at\/wordpress_3\/eisen-vital\/\" rel=\"noopener noreferrer\"><span class=\"screen-reader-text\">Eisen-Vital <\/span>weiterlesen<\/a><\/div><\/li>\n<li><a class=\"wp-block-latest-posts__post-title\" href=\"https:\/\/www.loetsch.at\/wordpress_3\/energie-mischung\/\">Energie-Mischung<\/a><div class=\"wp-block-latest-posts__post-excerpt\">ENERGIE-MISCHUNG VON DR. MED. EWALD T\u00d6TH\u00ae \u2013 ganzheitlich f\u00fcr mehr Energie, Fokus &amp; Balance Wenn der Alltag viel fordert, braucht dein K\u00f6rper eine Energiequelle, die nicht pusht, sondern\u2026\u00a0<a class=\"wp-block-latest-posts__read-more\" href=\"https:\/\/www.loetsch.at\/wordpress_3\/energie-mischung\/\" rel=\"noopener noreferrer\"><span class=\"screen-reader-text\">Energie-Mischung <\/span>weiterlesen<\/a><\/div><\/li>\n<li><a class=\"wp-block-latest-posts__post-title\" href=\"https:\/\/www.loetsch.at\/wordpress_3\/erdmandeln\/\">Erdmandeln<\/a><div class=\"wp-block-latest-posts__post-excerpt\">Erdmandeln sind ein wahres Superfood und bieten eine Vielzahl von gesundheitlichen Vorteilen: Reich an N\u00e4hrstoffen: Erdmandeln enthalten wichtige N\u00e4hrstoffe wie Ballaststoffe, Vitamine (insbesondere Vitamin E) und Mineralstoffe (wie\u2026\u00a0<a class=\"wp-block-latest-posts__read-more\" href=\"https:\/\/www.loetsch.at\/wordpress_3\/erdmandeln\/\" rel=\"noopener noreferrer\"><span class=\"screen-reader-text\">Erdmandeln <\/span>weiterlesen<\/a><\/div><\/li>\n<li><a class=\"wp-block-latest-posts__post-title\" href=\"https:\/\/www.loetsch.at\/wordpress_3\/flohsamen-haferkleie-weizenkeime\/\">Flohsamen, Haferkleie, Weizenkleie<\/a><div class=\"wp-block-latest-posts__post-excerpt\">Flohsamen ungemahlen Flohsamenschalen wurden bereits von Hildegard von Bingen empfohlen, da sie v\u00f6llig neutral und mild sind. Die Schalen k\u00f6nnen bis auf das 50-fache ihres Volumens aufquellen. Ein\u2026\u00a0<a class=\"wp-block-latest-posts__read-more\" href=\"https:\/\/www.loetsch.at\/wordpress_3\/flohsamen-haferkleie-weizenkeime\/\" rel=\"noopener noreferrer\"><span class=\"screen-reader-text\">Flohsamen, Haferkleie, Weizenkleie <\/span>weiterlesen<\/a><\/div><\/li>\n<li><a class=\"wp-block-latest-posts__post-title\" href=\"https:\/\/www.loetsch.at\/wordpress_3\/himalaya-salz\/\">Himalaya-Salz<\/a><div class=\"wp-block-latest-posts__post-excerpt\">Himalaya-Salz ist pure Energie, heute wichtiger denn je ! In diesem Natursalz aus dem Vorland des Himalayagebirges befinden sich Spurenelemente und Mineralien, die f\u00fcr den menschlichen K\u00f6rper sehr\u2026\u00a0<a class=\"wp-block-latest-posts__read-more\" href=\"https:\/\/www.loetsch.at\/wordpress_3\/himalaya-salz\/\" rel=\"noopener noreferrer\"><span class=\"screen-reader-text\">Himalaya-Salz <\/span>weiterlesen<\/a><\/div><\/li>\n<li><a class=\"wp-block-latest-posts__post-title\" href=\"https:\/\/www.loetsch.at\/wordpress_3\/klostersegen\/\">Klostersegen<\/a><div class=\"wp-block-latest-posts__post-excerpt\">Alkoholischer Kr\u00e4uterbitter aus erlesenen Kr\u00e4utern und Gew\u00fcrzen nach einer alten Klosterrezeptur. Ein Qualit\u00e4tsprodukt der Marke LIFE LIGHT\u00ae. Physiologische Funktion der N\u00e4hrstoffe Die ausgewogene Mischung aus erlesenen Kr\u00e4utern und\u2026\u00a0<a class=\"wp-block-latest-posts__read-more\" href=\"https:\/\/www.loetsch.at\/wordpress_3\/klostersegen\/\" rel=\"noopener noreferrer\"><span class=\"screen-reader-text\">Klostersegen <\/span>weiterlesen<\/a><\/div><\/li>\n<li><a class=\"wp-block-latest-posts__post-title\" href=\"https:\/\/www.loetsch.at\/wordpress_3\/msm-pulver\/\">MSM Pulver<\/a><div class=\"wp-block-latest-posts__post-excerpt\">Reine Kraft der Natur f\u00fcr deine Gelenke G\u00f6nn deinem K\u00f6rper das Beste: Vollkraft MSM PULVER 250g versorgt dich mit hochwertigem, reinem Methylsulfonylmethan (MSM) \u2013 einer organischen Schwefelverbindung, die\u2026\u00a0<a class=\"wp-block-latest-posts__read-more\" href=\"https:\/\/www.loetsch.at\/wordpress_3\/msm-pulver\/\" rel=\"noopener noreferrer\"><span class=\"screen-reader-text\">MSM Pulver <\/span>weiterlesen<\/a><\/div><\/li>\n<li><a class=\"wp-block-latest-posts__post-title\" href=\"https:\/\/www.loetsch.at\/wordpress_3\/silicea-kompakt\/\">Silicea Kompakt<\/a><div class=\"wp-block-latest-posts__post-excerpt\">Kapseln: 30 St\u00fcck Gesundes Bindegewebe, sch\u00f6ne, gesunde Haut, sch\u00f6ne Haare und gesunde N\u00e4gel sind \u00e4u\u00dfere Kennzeichen der Sch\u00f6nheit, die von innen unterst\u00fctzt werden m\u00fcssen. h\u00fcbner\u00ae Haut Haare N\u00e4gel\u2026\u00a0<a class=\"wp-block-latest-posts__read-more\" href=\"https:\/\/www.loetsch.at\/wordpress_3\/silicea-kompakt\/\" rel=\"noopener noreferrer\"><span class=\"screen-reader-text\">Silicea Kompakt <\/span>weiterlesen<\/a><\/div><\/li>\n<li><a class=\"wp-block-latest-posts__post-title\" href=\"https:\/\/www.loetsch.at\/wordpress_3\/silicea-magen-darm-direkt\/\">Silicea Magen-Darm Direkt<\/a><div class=\"wp-block-latest-posts__post-excerpt\">Magen-Darm Wohlbefinden \u2013 Magen Darm Gel Direkt 15 Sticks Genie\u00dfen Sie den Komfort einer rundum gesunden Verdauung mit dem Magen Darm Gel Direkt von H\u00fcbner. Diese praktischen Sticks\u2026\u00a0<a class=\"wp-block-latest-posts__read-more\" href=\"https:\/\/www.loetsch.at\/wordpress_3\/silicea-magen-darm-direkt\/\" rel=\"noopener noreferrer\"><span class=\"screen-reader-text\">Silicea Magen-Darm Direkt <\/span>weiterlesen<\/a><\/div><\/li>\n<li><a class=\"wp-block-latest-posts__post-title\" href=\"https:\/\/www.loetsch.at\/wordpress_3\/silicea-magen-darm-gel\/\">Silicea Magen-Darm Gel<\/a><div class=\"wp-block-latest-posts__post-excerpt\">Sanfte Unterst\u00fctzung f\u00fcr den Magen \u2013 Silicea Magen Darm Gel 200ml Ein entspannter Magen und ein Wohlgef\u00fchl im Bauch sind oft der Schl\u00fcssel f\u00fcr einen unbeschwerten Alltag. Mit\u2026\u00a0<a class=\"wp-block-latest-posts__read-more\" href=\"https:\/\/www.loetsch.at\/wordpress_3\/silicea-magen-darm-gel\/\" rel=\"noopener noreferrer\"><span class=\"screen-reader-text\">Silicea Magen-Darm Gel <\/span>weiterlesen<\/a><\/div><\/li>\n<li><a class=\"wp-block-latest-posts__post-title\" href=\"https:\/\/www.loetsch.at\/wordpress_3\/silicea-plus\/\">Silicea plus<\/a><div class=\"wp-block-latest-posts__post-excerpt\">Kiesels\u00e4ure enth\u00e4lt das lebenswichtige Spurenelement Silicium. Silicium ist im K\u00f6rper \u201eAufbaustoff\u201d f\u00fcr das Bindegewebe, das entscheidend zur Gesundheit des gesamten Organismus beitr\u00e4gt. Zudem st\u00e4rkt Kiesels\u00e4ure das Bindegewebe durch\u2026\u00a0<a class=\"wp-block-latest-posts__read-more\" href=\"https:\/\/www.loetsch.at\/wordpress_3\/silicea-plus\/\" rel=\"noopener noreferrer\"><span class=\"screen-reader-text\">Silicea plus <\/span>weiterlesen<\/a><\/div><\/li>\n<\/ul>","protected":false},"excerpt":{"rendered":"<p>Hier stellen wir einige sehr interessante \u201eLebensmittel\u201c vor. Zum Durchbl\u00e4ttern\u2026<\/p>\n","protected":false},"author":1,"featured_media":0,"parent":0,"menu_order":0,"comment_status":"closed","ping_status":"closed","template":"wp-custom-template-teeneuestes","meta":{"footnotes":""},"class_list":["post-2215","page","type-page","status-publish","hentry"],"yoast_head":"<!-- This site is optimized with the Yoast SEO plugin v27.4 - https:\/\/yoast.com\/product\/yoast-seo-wordpress\/ -->\n<title>Sehr gesund - Drogerie Max L\u00f6tsch 4840 V\u00f6cklabruck<\/title>\n<meta name=\"robots\" content=\"index, follow, max-snippet:-1, max-image-preview:large, max-video-preview:-1\" \/>\n<link rel=\"canonical\" href=\"https:\/\/www.loetsch.at\/wordpress_3\/sehr-gesund\/\" \/>\n<meta property=\"og:locale\" content=\"de_DE\" \/>\n<meta property=\"og:type\" content=\"article\" \/>\n<meta property=\"og:title\" content=\"Sehr gesund - Drogerie Max L\u00f6tsch 4840 V\u00f6cklabruck\" \/>\n<meta property=\"og:description\" content=\"Hier stellen wir einige sehr interessante \u201eLebensmittel\u201c vor. Zum Durchbl\u00e4ttern\u2026\" \/>\n<meta property=\"og:url\" content=\"https:\/\/www.loetsch.at\/wordpress_3\/sehr-gesund\/\" \/>\n<meta property=\"og:site_name\" content=\"Drogerie Max L\u00f6tsch 4840 V\u00f6cklabruck\" \/>\n<meta property=\"article:modified_time\" content=\"2026-03-05T11:58:54+00:00\" \/>\n<meta property=\"og:image\" content=\"https:\/\/www.loetsch.at\/wordpress\/wp-content\/uploads\/2022\/11\/enjoi-karin-weingrill-001-1.jpg\" \/>\n<meta name=\"twitter:card\" content=\"summary_large_image\" \/>\n<meta name=\"twitter:label1\" content=\"Gesch\u00e4tzte Lesezeit\" \/>\n\t<meta name=\"twitter:data1\" content=\"1\u00a0Minute\" \/>\n<script type=\"application\/ld+json\" class=\"yoast-schema-graph\">{\"@context\":\"https:\\\/\\\/schema.org\",\"@graph\":[{\"@type\":\"WebPage\",\"@id\":\"https:\\\/\\\/www.loetsch.at\\\/wordpress_3\\\/sehr-gesund\\\/\",\"url\":\"https:\\\/\\\/www.loetsch.at\\\/wordpress_3\\\/sehr-gesund\\\/\",\"name\":\"Sehr gesund - Drogerie Max L\u00f6tsch 4840 V\u00f6cklabruck\",\"isPartOf\":{\"@id\":\"https:\\\/\\\/www.loetsch.at\\\/wordpress_3\\\/#website\"},\"primaryImageOfPage\":{\"@id\":\"https:\\\/\\\/www.loetsch.at\\\/wordpress_3\\\/sehr-gesund\\\/#primaryimage\"},\"image\":{\"@id\":\"https:\\\/\\\/www.loetsch.at\\\/wordpress_3\\\/sehr-gesund\\\/#primaryimage\"},\"thumbnailUrl\":\"https:\\\/\\\/www.loetsch.at\\\/wordpress\\\/wp-content\\\/uploads\\\/2022\\\/11\\\/enjoi-karin-weingrill-001-1.jpg\",\"datePublished\":\"2023-06-11T09:53:02+00:00\",\"dateModified\":\"2026-03-05T11:58:54+00:00\",\"breadcrumb\":{\"@id\":\"https:\\\/\\\/www.loetsch.at\\\/wordpress_3\\\/sehr-gesund\\\/#breadcrumb\"},\"inLanguage\":\"de\",\"potentialAction\":[{\"@type\":\"ReadAction\",\"target\":[\"https:\\\/\\\/www.loetsch.at\\\/wordpress_3\\\/sehr-gesund\\\/\"]}]},{\"@type\":\"ImageObject\",\"inLanguage\":\"de\",\"@id\":\"https:\\\/\\\/www.loetsch.at\\\/wordpress_3\\\/sehr-gesund\\\/#primaryimage\",\"url\":\"https:\\\/\\\/www.loetsch.at\\\/wordpress\\\/wp-content\\\/uploads\\\/2022\\\/11\\\/enjoi-karin-weingrill-001-1.jpg\",\"contentUrl\":\"https:\\\/\\\/www.loetsch.at\\\/wordpress\\\/wp-content\\\/uploads\\\/2022\\\/11\\\/enjoi-karin-weingrill-001-1.jpg\"},{\"@type\":\"BreadcrumbList\",\"@id\":\"https:\\\/\\\/www.loetsch.at\\\/wordpress_3\\\/sehr-gesund\\\/#breadcrumb\",\"itemListElement\":[{\"@type\":\"ListItem\",\"position\":1,\"name\":\"Startseite\",\"item\":\"https:\\\/\\\/www.loetsch.at\\\/wordpress_3\\\/\"},{\"@type\":\"ListItem\",\"position\":2,\"name\":\"Sehr gesund\"}]},{\"@type\":\"WebSite\",\"@id\":\"https:\\\/\\\/www.loetsch.at\\\/wordpress_3\\\/#website\",\"url\":\"https:\\\/\\\/www.loetsch.at\\\/wordpress_3\\\/\",\"name\":\"Drogerie Max L\u00f6tsch 4840 V\u00f6cklabruck\",\"description\":\"\",\"potentialAction\":[{\"@type\":\"SearchAction\",\"target\":{\"@type\":\"EntryPoint\",\"urlTemplate\":\"https:\\\/\\\/www.loetsch.at\\\/wordpress_3\\\/?s={search_term_string}\"},\"query-input\":{\"@type\":\"PropertyValueSpecification\",\"valueRequired\":true,\"valueName\":\"search_term_string\"}}],\"inLanguage\":\"de\"}]}<\/script>\n<!-- \/ Yoast SEO plugin. -->","yoast_head_json":{"title":"Sehr gesund - Drogerie Max L\u00f6tsch 4840 V\u00f6cklabruck","robots":{"index":"index","follow":"follow","max-snippet":"max-snippet:-1","max-image-preview":"max-image-preview:large","max-video-preview":"max-video-preview:-1"},"canonical":"https:\/\/www.loetsch.at\/wordpress_3\/sehr-gesund\/","og_locale":"de_DE","og_type":"article","og_title":"Sehr gesund - Drogerie Max L\u00f6tsch 4840 V\u00f6cklabruck","og_description":"Hier stellen wir einige sehr interessante \u201eLebensmittel\u201c vor. Zum Durchbl\u00e4ttern\u2026","og_url":"https:\/\/www.loetsch.at\/wordpress_3\/sehr-gesund\/","og_site_name":"Drogerie Max L\u00f6tsch 4840 V\u00f6cklabruck","article_modified_time":"2026-03-05T11:58:54+00:00","og_image":[{"url":"https:\/\/www.loetsch.at\/wordpress\/wp-content\/uploads\/2022\/11\/enjoi-karin-weingrill-001-1.jpg","type":"","width":"","height":""}],"twitter_card":"summary_large_image","twitter_misc":{"Gesch\u00e4tzte Lesezeit":"1\u00a0Minute"},"schema":{"@context":"https:\/\/schema.org","@graph":[{"@type":"WebPage","@id":"https:\/\/www.loetsch.at\/wordpress_3\/sehr-gesund\/","url":"https:\/\/www.loetsch.at\/wordpress_3\/sehr-gesund\/","name":"Sehr gesund - Drogerie Max L\u00f6tsch 4840 V\u00f6cklabruck","isPartOf":{"@id":"https:\/\/www.loetsch.at\/wordpress_3\/#website"},"primaryImageOfPage":{"@id":"https:\/\/www.loetsch.at\/wordpress_3\/sehr-gesund\/#primaryimage"},"image":{"@id":"https:\/\/www.loetsch.at\/wordpress_3\/sehr-gesund\/#primaryimage"},"thumbnailUrl":"https:\/\/www.loetsch.at\/wordpress\/wp-content\/uploads\/2022\/11\/enjoi-karin-weingrill-001-1.jpg","datePublished":"2023-06-11T09:53:02+00:00","dateModified":"2026-03-05T11:58:54+00:00","breadcrumb":{"@id":"https:\/\/www.loetsch.at\/wordpress_3\/sehr-gesund\/#breadcrumb"},"inLanguage":"de","potentialAction":[{"@type":"ReadAction","target":["https:\/\/www.loetsch.at\/wordpress_3\/sehr-gesund\/"]}]},{"@type":"ImageObject","inLanguage":"de","@id":"https:\/\/www.loetsch.at\/wordpress_3\/sehr-gesund\/#primaryimage","url":"https:\/\/www.loetsch.at\/wordpress\/wp-content\/uploads\/2022\/11\/enjoi-karin-weingrill-001-1.jpg","contentUrl":"https:\/\/www.loetsch.at\/wordpress\/wp-content\/uploads\/2022\/11\/enjoi-karin-weingrill-001-1.jpg"},{"@type":"BreadcrumbList","@id":"https:\/\/www.loetsch.at\/wordpress_3\/sehr-gesund\/#breadcrumb","itemListElement":[{"@type":"ListItem","position":1,"name":"Startseite","item":"https:\/\/www.loetsch.at\/wordpress_3\/"},{"@type":"ListItem","position":2,"name":"Sehr gesund"}]},{"@type":"WebSite","@id":"https:\/\/www.loetsch.at\/wordpress_3\/#website","url":"https:\/\/www.loetsch.at\/wordpress_3\/","name":"Drogerie Max L\u00f6tsch 4840 V\u00f6cklabruck","description":"","potentialAction":[{"@type":"SearchAction","target":{"@type":"EntryPoint","urlTemplate":"https:\/\/www.loetsch.at\/wordpress_3\/?s={search_term_string}"},"query-input":{"@type":"PropertyValueSpecification","valueRequired":true,"valueName":"search_term_string"}}],"inLanguage":"de"}]}},"_links":{"self":[{"href":"https:\/\/www.loetsch.at\/wordpress_3\/wp-json\/wp\/v2\/pages\/2215","targetHints":{"allow":["GET"]}}],"collection":[{"href":"https:\/\/www.loetsch.at\/wordpress_3\/wp-json\/wp\/v2\/pages"}],"about":[{"href":"https:\/\/www.loetsch.at\/wordpress_3\/wp-json\/wp\/v2\/types\/page"}],"author":[{"embeddable":true,"href":"https:\/\/www.loetsch.at\/wordpress_3\/wp-json\/wp\/v2\/users\/1"}],"replies":[{"embeddable":true,"href":"https:\/\/www.loetsch.at\/wordpress_3\/wp-json\/wp\/v2\/comments?post=2215"}],"version-history":[{"count":13,"href":"https:\/\/www.loetsch.at\/wordpress_3\/wp-json\/wp\/v2\/pages\/2215\/revisions"}],"predecessor-version":[{"id":5017,"href":"https:\/\/www.loetsch.at\/wordpress_3\/wp-json\/wp\/v2\/pages\/2215\/revisions\/5017"}],"wp:attachment":[{"href":"https:\/\/www.loetsch.at\/wordpress_3\/wp-json\/wp\/v2\/media?parent=2215"}],"curies":[{"name":"wp","href":"https:\/\/api.w.org\/{rel}","templated":true}]}}