{"id":2174,"date":"2023-06-11T08:11:11","date_gmt":"2023-06-11T08:11:11","guid":{"rendered":"https:\/\/www.loetsch.at\/wordpress_3\/?page_id=2174"},"modified":"2025-11-25T10:05:54","modified_gmt":"2025-11-25T10:05:54","slug":"tinkturen","status":"publish","type":"page","link":"https:\/\/www.loetsch.at\/wordpress_3\/tinkturen\/","title":{"rendered":"Tinkturen"},"content":{"rendered":"\n<figure class=\"wp-block-image aligncenter size-large\"><img loading=\"lazy\" decoding=\"async\" width=\"1024\" height=\"405\" src=\"https:\/\/www.loetsch.at\/wordpress_3\/wp-content\/uploads\/2024\/08\/phytopharmatinkturen-1024x405.jpg\" alt=\"\" class=\"wp-image-3710\" srcset=\"https:\/\/www.loetsch.at\/wordpress_3\/wp-content\/uploads\/2024\/08\/phytopharmatinkturen-1024x405.jpg 1024w, https:\/\/www.loetsch.at\/wordpress_3\/wp-content\/uploads\/2024\/08\/phytopharmatinkturen-300x119.jpg 300w, https:\/\/www.loetsch.at\/wordpress_3\/wp-content\/uploads\/2024\/08\/phytopharmatinkturen-768x303.jpg 768w, https:\/\/www.loetsch.at\/wordpress_3\/wp-content\/uploads\/2024\/08\/phytopharmatinkturen-1536x607.jpg 1536w, https:\/\/www.loetsch.at\/wordpress_3\/wp-content\/uploads\/2024\/08\/phytopharmatinkturen.jpg 2048w\" sizes=\"auto, (max-width: 1024px) 100vw, 1024px\" \/><\/figure>\n\n\n\n<p><strong>Tinkturen\u00a0sind Heilpflanzen-Ausz\u00fcge mit Alkohol, welche der innerlichen Einnahme aber auch der \u00e4u\u00dferlichen Anwendung in Form von Einreibungen, Salben etc. dienen. Vor allem auf Reisen und unterwegs sind\u00a0Tinkturen\u00a0eine rasche, nebenwirkungsfreie Hilfe aus der Schatzkammer der<\/strong> <strong>Natur.<\/strong><\/p>\n\n\n\n<p class=\"has-large-font-size\"><\/p>\n\n\n<ul class=\"wp-block-latest-posts__list has-link-color wp-elements-eca6848689d7fb5dda69746f66569ce2 wp-block-latest-posts has-text-color has-black-color\"><li><a class=\"wp-block-latest-posts__post-title\" href=\"https:\/\/www.loetsch.at\/wordpress_3\/phytopharma-tinkturen\/\">Phytopharma-Tinkturen<\/a><div class=\"wp-block-latest-posts__post-excerpt\">Tinkturen: unsere Tinkturen enthalten 50 ml und 15 Tropfen sind 1-2x t\u00e4glich mit etwas Wasser einzunehmen. Der Preis: 15,40 Tinkturen: Mariendistel, Ringelblume, Bambus, B\u00e4rentraube, Ginseng, Teufelskralle, L\u00f6wenzahn,\u2026\u00a0<a class=\"wp-block-latest-posts__read-more\" href=\"https:\/\/www.loetsch.at\/wordpress_3\/phytopharma-tinkturen\/\" rel=\"noopener noreferrer\"><span class=\"screen-reader-text\">Phytopharma-Tinkturen <\/span>weiterlesen<\/a><\/div><\/li>\n<\/ul>","protected":false},"excerpt":{"rendered":"<p>Tinkturen\u00a0sind Heilpflanzen-Ausz\u00fcge mit Alkohol, welche der innerlichen Einnahme aber auch der \u00e4u\u00dferlichen Anwendung in Form von Einreibungen, Salben etc. dienen. Vor allem auf Reisen und unterwegs sind\u00a0Tinkturen\u00a0eine rasche, nebenwirkungsfreie Hilfe aus der Schatzkammer der Natur.<\/p>\n","protected":false},"author":1,"featured_media":0,"parent":0,"menu_order":0,"comment_status":"closed","ping_status":"closed","template":"wp-custom-template-teeneuestes","meta":{"footnotes":""},"class_list":["post-2174","page","type-page","status-publish","hentry"],"yoast_head":"<!-- This site is optimized with the Yoast SEO plugin v27.4 - https:\/\/yoast.com\/product\/yoast-seo-wordpress\/ -->\n<title>Tinkturen - Drogerie Max L\u00f6tsch 4840 V\u00f6cklabruck<\/title>\n<meta name=\"description\" content=\"Tinkturen\u00a0sind Heilpflanzen-Ausz\u00fcge mit Alkohol, welche der innerlichen Einnahme aber auch der \u00e4u\u00dferlichen Anwendung in Form von Einreibungen, Salben etc. dienen.\" \/>\n<meta name=\"robots\" content=\"index, follow, max-snippet:-1, max-image-preview:large, max-video-preview:-1\" \/>\n<link rel=\"canonical\" href=\"https:\/\/www.loetsch.at\/wordpress_3\/tinkturen\/\" \/>\n<meta property=\"og:locale\" content=\"de_DE\" \/>\n<meta property=\"og:type\" content=\"article\" \/>\n<meta property=\"og:title\" content=\"Tinkturen - Drogerie Max L\u00f6tsch 4840 V\u00f6cklabruck\" \/>\n<meta property=\"og:description\" content=\"Tinkturen\u00a0sind Heilpflanzen-Ausz\u00fcge mit Alkohol, welche der innerlichen Einnahme aber auch der \u00e4u\u00dferlichen Anwendung in Form von Einreibungen, Salben etc. dienen.\" \/>\n<meta property=\"og:url\" content=\"https:\/\/www.loetsch.at\/wordpress_3\/tinkturen\/\" \/>\n<meta property=\"og:site_name\" content=\"Drogerie Max L\u00f6tsch 4840 V\u00f6cklabruck\" \/>\n<meta property=\"article:modified_time\" content=\"2025-11-25T10:05:54+00:00\" \/>\n<meta property=\"og:image\" content=\"https:\/\/www.loetsch.at\/wordpress_3\/wp-content\/uploads\/2024\/08\/phytopharmatinkturen.jpg\" \/>\n\t<meta property=\"og:image:width\" content=\"2048\" \/>\n\t<meta property=\"og:image:height\" content=\"809\" \/>\n\t<meta property=\"og:image:type\" content=\"image\/jpeg\" \/>\n<meta name=\"twitter:card\" content=\"summary_large_image\" \/>\n<meta name=\"twitter:label1\" content=\"Gesch\u00e4tzte Lesezeit\" \/>\n\t<meta name=\"twitter:data1\" content=\"1\u00a0Minute\" \/>\n<script type=\"application\/ld+json\" class=\"yoast-schema-graph\">{\"@context\":\"https:\\\/\\\/schema.org\",\"@graph\":[{\"@type\":\"WebPage\",\"@id\":\"https:\\\/\\\/www.loetsch.at\\\/wordpress_3\\\/tinkturen\\\/\",\"url\":\"https:\\\/\\\/www.loetsch.at\\\/wordpress_3\\\/tinkturen\\\/\",\"name\":\"Tinkturen - Drogerie Max L\u00f6tsch 4840 V\u00f6cklabruck\",\"isPartOf\":{\"@id\":\"https:\\\/\\\/www.loetsch.at\\\/wordpress_3\\\/#website\"},\"primaryImageOfPage\":{\"@id\":\"https:\\\/\\\/www.loetsch.at\\\/wordpress_3\\\/tinkturen\\\/#primaryimage\"},\"image\":{\"@id\":\"https:\\\/\\\/www.loetsch.at\\\/wordpress_3\\\/tinkturen\\\/#primaryimage\"},\"thumbnailUrl\":\"https:\\\/\\\/www.loetsch.at\\\/wordpress_3\\\/wp-content\\\/uploads\\\/2024\\\/08\\\/phytopharmatinkturen-1024x405.jpg\",\"datePublished\":\"2023-06-11T08:11:11+00:00\",\"dateModified\":\"2025-11-25T10:05:54+00:00\",\"description\":\"Tinkturen\u00a0sind Heilpflanzen-Ausz\u00fcge mit Alkohol, welche der innerlichen Einnahme aber auch der \u00e4u\u00dferlichen Anwendung in Form von Einreibungen, Salben etc. dienen.\",\"breadcrumb\":{\"@id\":\"https:\\\/\\\/www.loetsch.at\\\/wordpress_3\\\/tinkturen\\\/#breadcrumb\"},\"inLanguage\":\"de\",\"potentialAction\":[{\"@type\":\"ReadAction\",\"target\":[\"https:\\\/\\\/www.loetsch.at\\\/wordpress_3\\\/tinkturen\\\/\"]}]},{\"@type\":\"ImageObject\",\"inLanguage\":\"de\",\"@id\":\"https:\\\/\\\/www.loetsch.at\\\/wordpress_3\\\/tinkturen\\\/#primaryimage\",\"url\":\"https:\\\/\\\/www.loetsch.at\\\/wordpress_3\\\/wp-content\\\/uploads\\\/2024\\\/08\\\/phytopharmatinkturen.jpg\",\"contentUrl\":\"https:\\\/\\\/www.loetsch.at\\\/wordpress_3\\\/wp-content\\\/uploads\\\/2024\\\/08\\\/phytopharmatinkturen.jpg\",\"width\":2048,\"height\":809},{\"@type\":\"BreadcrumbList\",\"@id\":\"https:\\\/\\\/www.loetsch.at\\\/wordpress_3\\\/tinkturen\\\/#breadcrumb\",\"itemListElement\":[{\"@type\":\"ListItem\",\"position\":1,\"name\":\"Startseite\",\"item\":\"https:\\\/\\\/www.loetsch.at\\\/wordpress_3\\\/\"},{\"@type\":\"ListItem\",\"position\":2,\"name\":\"Tinkturen\"}]},{\"@type\":\"WebSite\",\"@id\":\"https:\\\/\\\/www.loetsch.at\\\/wordpress_3\\\/#website\",\"url\":\"https:\\\/\\\/www.loetsch.at\\\/wordpress_3\\\/\",\"name\":\"Drogerie Max L\u00f6tsch 4840 V\u00f6cklabruck\",\"description\":\"\",\"potentialAction\":[{\"@type\":\"SearchAction\",\"target\":{\"@type\":\"EntryPoint\",\"urlTemplate\":\"https:\\\/\\\/www.loetsch.at\\\/wordpress_3\\\/?s={search_term_string}\"},\"query-input\":{\"@type\":\"PropertyValueSpecification\",\"valueRequired\":true,\"valueName\":\"search_term_string\"}}],\"inLanguage\":\"de\"}]}<\/script>\n<!-- \/ Yoast SEO plugin. -->","yoast_head_json":{"title":"Tinkturen - Drogerie Max L\u00f6tsch 4840 V\u00f6cklabruck","description":"Tinkturen\u00a0sind Heilpflanzen-Ausz\u00fcge mit Alkohol, welche der innerlichen Einnahme aber auch der \u00e4u\u00dferlichen Anwendung in Form von Einreibungen, Salben etc. dienen.","robots":{"index":"index","follow":"follow","max-snippet":"max-snippet:-1","max-image-preview":"max-image-preview:large","max-video-preview":"max-video-preview:-1"},"canonical":"https:\/\/www.loetsch.at\/wordpress_3\/tinkturen\/","og_locale":"de_DE","og_type":"article","og_title":"Tinkturen - Drogerie Max L\u00f6tsch 4840 V\u00f6cklabruck","og_description":"Tinkturen\u00a0sind Heilpflanzen-Ausz\u00fcge mit Alkohol, welche der innerlichen Einnahme aber auch der \u00e4u\u00dferlichen Anwendung in Form von Einreibungen, Salben etc. dienen.","og_url":"https:\/\/www.loetsch.at\/wordpress_3\/tinkturen\/","og_site_name":"Drogerie Max L\u00f6tsch 4840 V\u00f6cklabruck","article_modified_time":"2025-11-25T10:05:54+00:00","og_image":[{"width":2048,"height":809,"url":"https:\/\/www.loetsch.at\/wordpress_3\/wp-content\/uploads\/2024\/08\/phytopharmatinkturen.jpg","type":"image\/jpeg"}],"twitter_card":"summary_large_image","twitter_misc":{"Gesch\u00e4tzte Lesezeit":"1\u00a0Minute"},"schema":{"@context":"https:\/\/schema.org","@graph":[{"@type":"WebPage","@id":"https:\/\/www.loetsch.at\/wordpress_3\/tinkturen\/","url":"https:\/\/www.loetsch.at\/wordpress_3\/tinkturen\/","name":"Tinkturen - Drogerie Max L\u00f6tsch 4840 V\u00f6cklabruck","isPartOf":{"@id":"https:\/\/www.loetsch.at\/wordpress_3\/#website"},"primaryImageOfPage":{"@id":"https:\/\/www.loetsch.at\/wordpress_3\/tinkturen\/#primaryimage"},"image":{"@id":"https:\/\/www.loetsch.at\/wordpress_3\/tinkturen\/#primaryimage"},"thumbnailUrl":"https:\/\/www.loetsch.at\/wordpress_3\/wp-content\/uploads\/2024\/08\/phytopharmatinkturen-1024x405.jpg","datePublished":"2023-06-11T08:11:11+00:00","dateModified":"2025-11-25T10:05:54+00:00","description":"Tinkturen\u00a0sind Heilpflanzen-Ausz\u00fcge mit Alkohol, welche der innerlichen Einnahme aber auch der \u00e4u\u00dferlichen Anwendung in Form von Einreibungen, Salben etc. dienen.","breadcrumb":{"@id":"https:\/\/www.loetsch.at\/wordpress_3\/tinkturen\/#breadcrumb"},"inLanguage":"de","potentialAction":[{"@type":"ReadAction","target":["https:\/\/www.loetsch.at\/wordpress_3\/tinkturen\/"]}]},{"@type":"ImageObject","inLanguage":"de","@id":"https:\/\/www.loetsch.at\/wordpress_3\/tinkturen\/#primaryimage","url":"https:\/\/www.loetsch.at\/wordpress_3\/wp-content\/uploads\/2024\/08\/phytopharmatinkturen.jpg","contentUrl":"https:\/\/www.loetsch.at\/wordpress_3\/wp-content\/uploads\/2024\/08\/phytopharmatinkturen.jpg","width":2048,"height":809},{"@type":"BreadcrumbList","@id":"https:\/\/www.loetsch.at\/wordpress_3\/tinkturen\/#breadcrumb","itemListElement":[{"@type":"ListItem","position":1,"name":"Startseite","item":"https:\/\/www.loetsch.at\/wordpress_3\/"},{"@type":"ListItem","position":2,"name":"Tinkturen"}]},{"@type":"WebSite","@id":"https:\/\/www.loetsch.at\/wordpress_3\/#website","url":"https:\/\/www.loetsch.at\/wordpress_3\/","name":"Drogerie Max L\u00f6tsch 4840 V\u00f6cklabruck","description":"","potentialAction":[{"@type":"SearchAction","target":{"@type":"EntryPoint","urlTemplate":"https:\/\/www.loetsch.at\/wordpress_3\/?s={search_term_string}"},"query-input":{"@type":"PropertyValueSpecification","valueRequired":true,"valueName":"search_term_string"}}],"inLanguage":"de"}]}},"_links":{"self":[{"href":"https:\/\/www.loetsch.at\/wordpress_3\/wp-json\/wp\/v2\/pages\/2174","targetHints":{"allow":["GET"]}}],"collection":[{"href":"https:\/\/www.loetsch.at\/wordpress_3\/wp-json\/wp\/v2\/pages"}],"about":[{"href":"https:\/\/www.loetsch.at\/wordpress_3\/wp-json\/wp\/v2\/types\/page"}],"author":[{"embeddable":true,"href":"https:\/\/www.loetsch.at\/wordpress_3\/wp-json\/wp\/v2\/users\/1"}],"replies":[{"embeddable":true,"href":"https:\/\/www.loetsch.at\/wordpress_3\/wp-json\/wp\/v2\/comments?post=2174"}],"version-history":[{"count":10,"href":"https:\/\/www.loetsch.at\/wordpress_3\/wp-json\/wp\/v2\/pages\/2174\/revisions"}],"predecessor-version":[{"id":4905,"href":"https:\/\/www.loetsch.at\/wordpress_3\/wp-json\/wp\/v2\/pages\/2174\/revisions\/4905"}],"wp:attachment":[{"href":"https:\/\/www.loetsch.at\/wordpress_3\/wp-json\/wp\/v2\/media?parent=2174"}],"curies":[{"name":"wp","href":"https:\/\/api.w.org\/{rel}","templated":true}]}}