{"id":1950,"date":"2023-04-08T20:43:44","date_gmt":"2023-04-08T20:43:44","guid":{"rendered":"https:\/\/www.loetsch.at\/wordpress_3\/?page_id=1950"},"modified":"2024-08-10T09:48:46","modified_gmt":"2024-08-10T09:48:46","slug":"die-sache-mit-den-obstbaeumen","status":"publish","type":"page","link":"https:\/\/www.loetsch.at\/wordpress_3\/die-sache-mit-den-obstbaeumen\/","title":{"rendered":"Die Sache mit den Obstb\u00e4umen"},"content":{"rendered":"\n<h2 class=\"wp-block-heading alignfull has-light-green-cyan-background-color has-background\"><strong>Sie haben Obstb\u00e4ume im Garten? Apfelb\u00e4ume? Birnenb\u00e4ume? Kirschenb\u00e4ume?<\/strong><\/h2>\n\n\n\n<p class=\"has-large-font-size\"><strong>Und wie oft in den letzten Jahren hatten Sie wurmfreies Obst? Selten? Sehen Sie, dieses Problem kann man l\u00f6sen!<\/strong><\/p>\n\n\n\n<figure class=\"wp-block-image aligncenter size-full is-resized\"><img loading=\"lazy\" decoding=\"async\" width=\"1000\" height=\"1000\" src=\"https:\/\/www.loetsch.at\/wordpress_3\/wp-content\/uploads\/2023\/04\/IMG_1122-wsVnrymekCe2KLL.jpg\" alt=\"\" class=\"wp-image-1956\" style=\"width:364px;height:364px\" srcset=\"https:\/\/www.loetsch.at\/wordpress_3\/wp-content\/uploads\/2023\/04\/IMG_1122-wsVnrymekCe2KLL.jpg 1000w, https:\/\/www.loetsch.at\/wordpress_3\/wp-content\/uploads\/2023\/04\/IMG_1122-wsVnrymekCe2KLL-300x300.jpg 300w, https:\/\/www.loetsch.at\/wordpress_3\/wp-content\/uploads\/2023\/04\/IMG_1122-wsVnrymekCe2KLL-150x150.jpg 150w, https:\/\/www.loetsch.at\/wordpress_3\/wp-content\/uploads\/2023\/04\/IMG_1122-wsVnrymekCe2KLL-768x768.jpg 768w\" sizes=\"auto, (max-width: 1000px) 100vw, 1000px\" \/><\/figure>\n\n\n\n<h2 class=\"wp-block-heading alignfull has-black-color has-cyan-bluish-gray-background-color has-text-color has-background has-link-color has-large-font-size wp-elements-b5a5e0dab30e7b2dedc9cd5aed0724df\"><strong>Wir er\u00f6ffnen das Match gegen allerlei kriechende Sch\u00e4dlinge, die dem Baum weh tun, mit <a href=\"https:\/\/www.loetsch.at\/wordpress_3\/solabiol-leimring\/\">Leimringen<\/a> um den Stamm. Die Angriffe von unten sind somit abgewehrt, Ameisen inklusive.<\/strong> <strong>Sch\u00e4dlinge, die in der Rinde \u00fcberwintern (siehe unten), z\u00e4hlen ebenfalls zu den &#8222;Opfern&#8220; des Leimrings&#8230;<\/strong><\/h2>\n\n\n\n<p><\/p>\n\n\n\n<h2 class=\"wp-block-heading alignfull has-black-color has-cyan-bluish-gray-background-color has-text-color has-background has-link-color has-large-font-size wp-elements-8a5dcfce5c32c5637ba6e59300d4f63d\"><strong>Jetzt kommen die fliegenden Sch\u00e4dlinge ins Visier. Wir starten mit einer Befalls\u00fcberwachung, einem Monitoring. Das funktioniert am Besten mit der <a href=\"https:\/\/www.loetsch.at\/wordpress_3\/universalfalle-naturid\/\">Naturid Universalfalle<\/a><\/strong> <strong>und ihren Lockstoffen&#8230;Eine Alternative dazu w\u00e4re die <a href=\"https:\/\/www.loetsch.at\/wordpress_3\/solabiol-obstmadenfallen\/\">Solabiol Obstmadenfalle<\/a><\/strong>.<strong> Sie ist besonders interessant: Wenn weibliche Tiere bereit zur Paarung sind, locken sie m\u00e4nnliche Falter mit Pheromonen an. Das kannst du ausnutzen, um die Sch\u00e4dlinge zu bek\u00e4mpfen. Mit einer Pheromon-Falle (siehe oben) kannst du m\u00e4nnliche Apfelwickler fangen. Mit einer hohen Pheromon-Konzentration kannst du die M\u00e4nnchen verwirren, sodass sie nicht mehr zum Weibchen finden.<\/strong><\/h2>\n\n\n\n<h2 class=\"wp-block-heading\"><strong>Wir richten den Scheinwerfer auf den Apfelwickler<\/strong><\/h2>\n\n\n\n<figure class=\"wp-block-image aligncenter size-full is-resized\"><img loading=\"lazy\" decoding=\"async\" width=\"768\" height=\"512\" src=\"https:\/\/www.loetsch.at\/wordpress_3\/wp-content\/uploads\/2023\/04\/apfelwickler-cydia-pomonella-laspeyresia-768x512-1.webp\" alt=\"\" class=\"wp-image-1957\" style=\"width:440px;height:293px\" srcset=\"https:\/\/www.loetsch.at\/wordpress_3\/wp-content\/uploads\/2023\/04\/apfelwickler-cydia-pomonella-laspeyresia-768x512-1.webp 768w, https:\/\/www.loetsch.at\/wordpress_3\/wp-content\/uploads\/2023\/04\/apfelwickler-cydia-pomonella-laspeyresia-768x512-1-300x200.webp 300w\" sizes=\"auto, (max-width: 768px) 100vw, 768px\" \/><\/figure>\n\n\n\n<h2 class=\"wp-block-heading alignfull has-cyan-bluish-gray-background-color has-background has-large-font-size\"><strong>Der Apfelwickler z\u00e4hlt zu den gr\u00f6\u00dften Obstsch\u00e4dlingen in Europa. Die umgangssprachlich bezeichneten W\u00fcrmer vernichten Jahr f\u00fcr Jahr viele Tonnen an <em>\u00c4pfeln, Birnen, Aprikosen, Pfirsichen, Kirschen und Pflaumen im privaten und gewerblichen Obstbau.<\/em> Seine Bek\u00e4mpfung hat f\u00fcr viele Hobbyg\u00e4rtner, die Obstb\u00e4ume kultivieren, oberste Priorit\u00e4t. Wer die Obstmaden loswerden will, muss deren Lebenszyklus kennen.<\/strong><\/h2>\n\n\n\n<h2 class=\"wp-block-heading alignfull has-pale-pink-background-color has-background has-large-font-size\"><strong>Der Apfelwickler bildet zwei Generationen im Jahr, die erste fliegt haupts\u00e4chlich im Mai und Juni, die zweite im August und September. Die weiblichen Falter legen 30 bis 60 Eier auf den Fr\u00fcchten oder den Bl\u00e4ttern der Obstb\u00e4ume ab. Die Eiablage erfolgt auf plane Oberfl\u00e4chen. Bis Juni sind dies Bl\u00e4tter und sp\u00e4ter, ab Juli, die Fr\u00fcchte, wenn diese ihren Flaum verloren haben. F\u00fcr die Entwicklung von der Eiablage bis zum Schl\u00fcpfen ben\u00f6tigt der Apfelwickler 7 bis 15 Tage. Die Sch\u00e4dlinge befallen die Frucht im Raupenstadium und sie ern\u00e4hren sich von dieser f\u00fcr etwa drei Wochen, sowohl vom Fruchtfleisch als auch von den Samen.&nbsp;Die Raupe lebt ca. 3-4 Wochen, danach verl\u00e4\u00dft sie die Frucht und verpuppt sich.<\/strong><\/h2>\n\n\n\n<p class=\"has-black-color has-text-color has-link-color has-large-font-size wp-elements-596657955c54fcf9669037f770b12a3d\">Und jetzt wird es heikel:  So verpuppen sich 50&nbsp;% sofort um zu \u00fcberwintern, die anderen 50&nbsp;% hingegen nur, wenn klimatisch g\u00fcnstige Bedingungen f\u00fcr eine zweite Generation bestehen. Ende Juli verpuppen sich alle und suchen den \u00dcberwinterungsplatz unter der Rinde auf. Unter g\u00fcnstigen Bedingungen fliegt eine zweite Generation im August und September. Die \u00dcberwinterung erfolgt im&nbsp;<a href=\"https:\/\/de.wikipedia.org\/wiki\/Kokon_(Verpuppung)\">Kokon<\/a>, entweder in der Rinde der B\u00e4ume oder im Boden.<\/p>\n\n\n\n<h2 class=\"wp-block-heading alignfull has-text-align-center\"><strong>Und was tun wir?<\/strong><\/h2>\n\n\n\n<h2 class=\"wp-block-heading alignfull has-light-green-cyan-background-color has-background has-large-font-size\"><strong>Wir haben zwei Pfeile im K\u00f6cher, wenn wir m\u00f6glichst schonend und biologisch vorgehen wollen (und m\u00fcssen). Wir denken dabei immer an den &#8222;running gag&#8220; \u00fcber den Obstbauer, den der Freund fragt, ob er ein Kilo \u00c4pfel haben kann. Und der Obstbauer sagt: Nimm die von da dr\u00fcben, die essen wir selber! (will hei\u00dfen, die anderen sind gespritzt und eher giftig&#8230;.)<\/strong><\/h2>\n\n\n\n<h2 class=\"wp-block-heading has-text-align-center\"><strong>Pfeil eins:<\/strong><\/h2>\n\n\n\n<h2 class=\"wp-block-heading alignfull has-black-color has-cyan-bluish-gray-background-color has-text-color has-background has-link-color has-large-font-size wp-elements-f88d72643e8bd61f467de06fe4b64d9b\"><strong>Wir verwenden<a href=\"https:\/\/www.loetsch.at\/wordpress_3\/madex-apfelwicklerfrei\/\"> Madex Apfelwicklerfrei.<\/a> Eine wahre biologische Keule. Wir spritzen unsere B\u00e4ume mit dem Granulosevirus, das wir im K\u00fchlschrank vorbereitet und gelagert haben. 6 ml auf 5 Liter Wasser setzen wir ein. Das Virus st\u00fcrzt sich auf die Raupen des Apfelwicklers&#8230;bald hei\u00dft es: Game -over!<\/strong><\/h2>\n\n\n\n<h2 class=\"wp-block-heading has-text-align-center\"><strong>Pfeil zwei:<\/strong><\/h2>\n\n\n\n<h2 class=\"wp-block-heading alignfull has-black-color has-cyan-bluish-gray-background-color has-text-color has-background has-link-color has-large-font-size wp-elements-02ea2c4de82542b897c80b6250c5d40e\"><strong><a href=\"https:\/\/www.loetsch.at\/wordpress_3\/maden-stopp-gegen-apfelwicklerlarven\/\">Nematoden gegen die <em>\u00fcberwinternden<\/em> Apfelwicklerlarven<\/a>. Nematoden sind winzige, fadenf\u00f6rmige Bodenlebewesen von ca. 0,6 mm L\u00e4nge. Sie sind nat\u00fcrliche Feinde des Apfelwicklers. Die Nematoden-Art&nbsp;Steinernema feltiae&nbsp;ist u.a. auf Apfelwickler-Larven spezialisiert und kann diese f\u00fcr die eigene Ern\u00e4hrung und Fortpflanzung nutzen. Die Ausbringung erfolgt im Herbst nach der Ernte, wenn sich die Apfelwicklerlarven in ihren Verstecken am Baumstamm eingesponnen haben. Somit ist gew\u00e4hrleistet, dass der Start im Fr\u00fchjahr ein Problemloser ist!<\/strong><\/h2>\n\n\n\n<h2 class=\"wp-block-heading\"><strong>Was gibt es sonst noch?<\/strong><\/h2>\n\n\n\n<h2 class=\"wp-block-heading alignfull has-black-color has-cyan-bluish-gray-background-color has-text-color has-background has-link-color has-large-font-size wp-elements-274b74192a67bd73456cf3ad97cd01ba\"><strong>Hier bieten sich vor allem an: L<a href=\"https:\/\/www.loetsch.at\/wordpress_3\/lepinox-plus\/\">epinox plus<\/a>, ein biologisches Insektizid gegen Schmetterlingsraupen im Obstbereich und <a href=\"https:\/\/www.loetsch.at\/wordpress_3\/grundstoff-urtica\/\">Grundstoff Urtica<\/a>, ebenfalls ein Insektizid gegen den Apfelwickler. Biologische Waffen gegen allerlei Bedroher unserer Obstb\u00e4ume&#8230;..<\/strong><\/h2>\n\n\n\n<p class=\"has-large-font-size\"><strong>by Thomas Jerabek und Maximilian L\u00f6tsch<\/strong><\/p>\n","protected":false},"excerpt":{"rendered":"<p>Sie haben Obstb\u00e4ume im Garten? Apfelb\u00e4ume? Birnenb\u00e4ume? Kirschenb\u00e4ume? Und wie oft in den letzten Jahren hatten Sie wurmfreies Obst? Selten? Sehen Sie, dieses Problem kann man l\u00f6sen! Wir er\u00f6ffnen das Match gegen allerlei kriechende Sch\u00e4dlinge, die dem Baum weh tun, mit Leimringen um den Stamm. Die Angriffe von unten sind somit abgewehrt, Ameisen inklusive. Sch\u00e4dlinge, [&hellip;]<\/p>\n","protected":false},"author":1,"featured_media":1957,"parent":0,"menu_order":0,"comment_status":"closed","ping_status":"closed","template":"wp-custom-template-teeneuestes","meta":{"footnotes":""},"class_list":["post-1950","page","type-page","status-publish","has-post-thumbnail","hentry"],"yoast_head":"<!-- This site is optimized with the Yoast SEO plugin v27.5 - https:\/\/yoast.com\/product\/yoast-seo-wordpress\/ -->\n<title>Die Sache mit den Obstb\u00e4umen - Drogerie Max L\u00f6tsch 4840 V\u00f6cklabruck<\/title>\n<meta name=\"description\" content=\"Wie oft in den letzten Jahren hatten Sie wurmfreies Obst? Selten? Sehen Sie, dieses Problem kann man l\u00f6sen!\" \/>\n<meta name=\"robots\" content=\"index, follow, max-snippet:-1, max-image-preview:large, max-video-preview:-1\" \/>\n<link rel=\"canonical\" href=\"https:\/\/www.loetsch.at\/wordpress_3\/die-sache-mit-den-obstbaeumen\/\" \/>\n<meta property=\"og:locale\" content=\"de_DE\" \/>\n<meta property=\"og:type\" content=\"article\" \/>\n<meta property=\"og:title\" content=\"Die Sache mit den Obstb\u00e4umen - Drogerie Max L\u00f6tsch 4840 V\u00f6cklabruck\" \/>\n<meta property=\"og:description\" content=\"Wie oft in den letzten Jahren hatten Sie wurmfreies Obst im Garten? Selten? Sehen Sie, dieses Problem kann man l\u00f6sen\" \/>\n<meta property=\"og:url\" content=\"https:\/\/www.loetsch.at\/wordpress_3\/die-sache-mit-den-obstbaeumen\/\" \/>\n<meta property=\"og:site_name\" content=\"Drogerie Max L\u00f6tsch 4840 V\u00f6cklabruck\" \/>\n<meta property=\"article:modified_time\" content=\"2024-08-10T09:48:46+00:00\" \/>\n<meta property=\"og:image\" content=\"https:\/\/www.loetsch.at\/wordpress_3\/wp-content\/uploads\/2023\/04\/apfelwickler-cydia-pomonella-laspeyresia-768x512-1.webp\" \/>\n\t<meta property=\"og:image:width\" content=\"768\" \/>\n\t<meta property=\"og:image:height\" content=\"512\" \/>\n\t<meta property=\"og:image:type\" content=\"image\/webp\" \/>\n<meta name=\"twitter:card\" content=\"summary_large_image\" \/>\n<meta name=\"twitter:label1\" content=\"Gesch\u00e4tzte Lesezeit\" \/>\n\t<meta name=\"twitter:data1\" content=\"5\u00a0Minuten\" \/>\n<script type=\"application\/ld+json\" class=\"yoast-schema-graph\">{\"@context\":\"https:\\\/\\\/schema.org\",\"@graph\":[{\"@type\":\"WebPage\",\"@id\":\"https:\\\/\\\/www.loetsch.at\\\/wordpress_3\\\/die-sache-mit-den-obstbaeumen\\\/\",\"url\":\"https:\\\/\\\/www.loetsch.at\\\/wordpress_3\\\/die-sache-mit-den-obstbaeumen\\\/\",\"name\":\"Die Sache mit den Obstb\u00e4umen - Drogerie Max L\u00f6tsch 4840 V\u00f6cklabruck\",\"isPartOf\":{\"@id\":\"https:\\\/\\\/www.loetsch.at\\\/wordpress_3\\\/#website\"},\"primaryImageOfPage\":{\"@id\":\"https:\\\/\\\/www.loetsch.at\\\/wordpress_3\\\/die-sache-mit-den-obstbaeumen\\\/#primaryimage\"},\"image\":{\"@id\":\"https:\\\/\\\/www.loetsch.at\\\/wordpress_3\\\/die-sache-mit-den-obstbaeumen\\\/#primaryimage\"},\"thumbnailUrl\":\"https:\\\/\\\/www.loetsch.at\\\/wordpress_3\\\/wp-content\\\/uploads\\\/2023\\\/04\\\/apfelwickler-cydia-pomonella-laspeyresia-768x512-1.webp\",\"datePublished\":\"2023-04-08T20:43:44+00:00\",\"dateModified\":\"2024-08-10T09:48:46+00:00\",\"description\":\"Wie oft in den letzten Jahren hatten Sie wurmfreies Obst? Selten? Sehen Sie, dieses Problem kann man l\u00f6sen!\",\"breadcrumb\":{\"@id\":\"https:\\\/\\\/www.loetsch.at\\\/wordpress_3\\\/die-sache-mit-den-obstbaeumen\\\/#breadcrumb\"},\"inLanguage\":\"de\",\"potentialAction\":[{\"@type\":\"ReadAction\",\"target\":[\"https:\\\/\\\/www.loetsch.at\\\/wordpress_3\\\/die-sache-mit-den-obstbaeumen\\\/\"]}]},{\"@type\":\"ImageObject\",\"inLanguage\":\"de\",\"@id\":\"https:\\\/\\\/www.loetsch.at\\\/wordpress_3\\\/die-sache-mit-den-obstbaeumen\\\/#primaryimage\",\"url\":\"https:\\\/\\\/www.loetsch.at\\\/wordpress_3\\\/wp-content\\\/uploads\\\/2023\\\/04\\\/apfelwickler-cydia-pomonella-laspeyresia-768x512-1.webp\",\"contentUrl\":\"https:\\\/\\\/www.loetsch.at\\\/wordpress_3\\\/wp-content\\\/uploads\\\/2023\\\/04\\\/apfelwickler-cydia-pomonella-laspeyresia-768x512-1.webp\",\"width\":768,\"height\":512},{\"@type\":\"BreadcrumbList\",\"@id\":\"https:\\\/\\\/www.loetsch.at\\\/wordpress_3\\\/die-sache-mit-den-obstbaeumen\\\/#breadcrumb\",\"itemListElement\":[{\"@type\":\"ListItem\",\"position\":1,\"name\":\"Startseite\",\"item\":\"https:\\\/\\\/www.loetsch.at\\\/wordpress_3\\\/\"},{\"@type\":\"ListItem\",\"position\":2,\"name\":\"Die Sache mit den Obstb\u00e4umen\"}]},{\"@type\":\"WebSite\",\"@id\":\"https:\\\/\\\/www.loetsch.at\\\/wordpress_3\\\/#website\",\"url\":\"https:\\\/\\\/www.loetsch.at\\\/wordpress_3\\\/\",\"name\":\"Drogerie Max L\u00f6tsch 4840 V\u00f6cklabruck\",\"description\":\"\",\"potentialAction\":[{\"@type\":\"SearchAction\",\"target\":{\"@type\":\"EntryPoint\",\"urlTemplate\":\"https:\\\/\\\/www.loetsch.at\\\/wordpress_3\\\/?s={search_term_string}\"},\"query-input\":{\"@type\":\"PropertyValueSpecification\",\"valueRequired\":true,\"valueName\":\"search_term_string\"}}],\"inLanguage\":\"de\"}]}<\/script>\n<!-- \/ Yoast SEO plugin. -->","yoast_head_json":{"title":"Die Sache mit den Obstb\u00e4umen - Drogerie Max L\u00f6tsch 4840 V\u00f6cklabruck","description":"Wie oft in den letzten Jahren hatten Sie wurmfreies Obst? Selten? Sehen Sie, dieses Problem kann man l\u00f6sen!","robots":{"index":"index","follow":"follow","max-snippet":"max-snippet:-1","max-image-preview":"max-image-preview:large","max-video-preview":"max-video-preview:-1"},"canonical":"https:\/\/www.loetsch.at\/wordpress_3\/die-sache-mit-den-obstbaeumen\/","og_locale":"de_DE","og_type":"article","og_title":"Die Sache mit den Obstb\u00e4umen - Drogerie Max L\u00f6tsch 4840 V\u00f6cklabruck","og_description":"Wie oft in den letzten Jahren hatten Sie wurmfreies Obst im Garten? Selten? Sehen Sie, dieses Problem kann man l\u00f6sen","og_url":"https:\/\/www.loetsch.at\/wordpress_3\/die-sache-mit-den-obstbaeumen\/","og_site_name":"Drogerie Max L\u00f6tsch 4840 V\u00f6cklabruck","article_modified_time":"2024-08-10T09:48:46+00:00","og_image":[{"width":768,"height":512,"url":"https:\/\/www.loetsch.at\/wordpress_3\/wp-content\/uploads\/2023\/04\/apfelwickler-cydia-pomonella-laspeyresia-768x512-1.webp","type":"image\/webp"}],"twitter_card":"summary_large_image","twitter_misc":{"Gesch\u00e4tzte Lesezeit":"5\u00a0Minuten"},"schema":{"@context":"https:\/\/schema.org","@graph":[{"@type":"WebPage","@id":"https:\/\/www.loetsch.at\/wordpress_3\/die-sache-mit-den-obstbaeumen\/","url":"https:\/\/www.loetsch.at\/wordpress_3\/die-sache-mit-den-obstbaeumen\/","name":"Die Sache mit den Obstb\u00e4umen - Drogerie Max L\u00f6tsch 4840 V\u00f6cklabruck","isPartOf":{"@id":"https:\/\/www.loetsch.at\/wordpress_3\/#website"},"primaryImageOfPage":{"@id":"https:\/\/www.loetsch.at\/wordpress_3\/die-sache-mit-den-obstbaeumen\/#primaryimage"},"image":{"@id":"https:\/\/www.loetsch.at\/wordpress_3\/die-sache-mit-den-obstbaeumen\/#primaryimage"},"thumbnailUrl":"https:\/\/www.loetsch.at\/wordpress_3\/wp-content\/uploads\/2023\/04\/apfelwickler-cydia-pomonella-laspeyresia-768x512-1.webp","datePublished":"2023-04-08T20:43:44+00:00","dateModified":"2024-08-10T09:48:46+00:00","description":"Wie oft in den letzten Jahren hatten Sie wurmfreies Obst? Selten? Sehen Sie, dieses Problem kann man l\u00f6sen!","breadcrumb":{"@id":"https:\/\/www.loetsch.at\/wordpress_3\/die-sache-mit-den-obstbaeumen\/#breadcrumb"},"inLanguage":"de","potentialAction":[{"@type":"ReadAction","target":["https:\/\/www.loetsch.at\/wordpress_3\/die-sache-mit-den-obstbaeumen\/"]}]},{"@type":"ImageObject","inLanguage":"de","@id":"https:\/\/www.loetsch.at\/wordpress_3\/die-sache-mit-den-obstbaeumen\/#primaryimage","url":"https:\/\/www.loetsch.at\/wordpress_3\/wp-content\/uploads\/2023\/04\/apfelwickler-cydia-pomonella-laspeyresia-768x512-1.webp","contentUrl":"https:\/\/www.loetsch.at\/wordpress_3\/wp-content\/uploads\/2023\/04\/apfelwickler-cydia-pomonella-laspeyresia-768x512-1.webp","width":768,"height":512},{"@type":"BreadcrumbList","@id":"https:\/\/www.loetsch.at\/wordpress_3\/die-sache-mit-den-obstbaeumen\/#breadcrumb","itemListElement":[{"@type":"ListItem","position":1,"name":"Startseite","item":"https:\/\/www.loetsch.at\/wordpress_3\/"},{"@type":"ListItem","position":2,"name":"Die Sache mit den Obstb\u00e4umen"}]},{"@type":"WebSite","@id":"https:\/\/www.loetsch.at\/wordpress_3\/#website","url":"https:\/\/www.loetsch.at\/wordpress_3\/","name":"Drogerie Max L\u00f6tsch 4840 V\u00f6cklabruck","description":"","potentialAction":[{"@type":"SearchAction","target":{"@type":"EntryPoint","urlTemplate":"https:\/\/www.loetsch.at\/wordpress_3\/?s={search_term_string}"},"query-input":{"@type":"PropertyValueSpecification","valueRequired":true,"valueName":"search_term_string"}}],"inLanguage":"de"}]}},"_links":{"self":[{"href":"https:\/\/www.loetsch.at\/wordpress_3\/wp-json\/wp\/v2\/pages\/1950","targetHints":{"allow":["GET"]}}],"collection":[{"href":"https:\/\/www.loetsch.at\/wordpress_3\/wp-json\/wp\/v2\/pages"}],"about":[{"href":"https:\/\/www.loetsch.at\/wordpress_3\/wp-json\/wp\/v2\/types\/page"}],"author":[{"embeddable":true,"href":"https:\/\/www.loetsch.at\/wordpress_3\/wp-json\/wp\/v2\/users\/1"}],"replies":[{"embeddable":true,"href":"https:\/\/www.loetsch.at\/wordpress_3\/wp-json\/wp\/v2\/comments?post=1950"}],"version-history":[{"count":20,"href":"https:\/\/www.loetsch.at\/wordpress_3\/wp-json\/wp\/v2\/pages\/1950\/revisions"}],"predecessor-version":[{"id":3821,"href":"https:\/\/www.loetsch.at\/wordpress_3\/wp-json\/wp\/v2\/pages\/1950\/revisions\/3821"}],"wp:featuredmedia":[{"embeddable":true,"href":"https:\/\/www.loetsch.at\/wordpress_3\/wp-json\/wp\/v2\/media\/1957"}],"wp:attachment":[{"href":"https:\/\/www.loetsch.at\/wordpress_3\/wp-json\/wp\/v2\/media?parent=1950"}],"curies":[{"name":"wp","href":"https:\/\/api.w.org\/{rel}","templated":true}]}}