{"id":1870,"date":"2023-03-23T10:23:57","date_gmt":"2023-03-23T10:23:57","guid":{"rendered":"https:\/\/www.loetsch.at\/wordpress_3\/?page_id=1870"},"modified":"2026-03-09T10:08:17","modified_gmt":"2026-03-09T10:08:17","slug":"schlupfwespen-wie-geht-das","status":"publish","type":"page","link":"https:\/\/www.loetsch.at\/wordpress_3\/schlupfwespen-wie-geht-das\/","title":{"rendered":"Schlupfwespen-wie geht das?"},"content":{"rendered":"\n<figure class=\"wp-block-image aligncenter size-full is-resized\"><img loading=\"lazy\" decoding=\"async\" width=\"727\" height=\"727\" src=\"https:\/\/www.loetsch.at\/wordpress_3\/wp-content\/uploads\/2023\/03\/TrichoControl-4-Andermatt-Biocontrol-Suisse-21022023_-_media-92aa2fb2-query.jpg\" alt=\"\" class=\"wp-image-1890\" style=\"width:314px;height:314px\" srcset=\"https:\/\/www.loetsch.at\/wordpress_3\/wp-content\/uploads\/2023\/03\/TrichoControl-4-Andermatt-Biocontrol-Suisse-21022023_-_media-92aa2fb2-query.jpg 727w, https:\/\/www.loetsch.at\/wordpress_3\/wp-content\/uploads\/2023\/03\/TrichoControl-4-Andermatt-Biocontrol-Suisse-21022023_-_media-92aa2fb2-query-300x300.jpg 300w, https:\/\/www.loetsch.at\/wordpress_3\/wp-content\/uploads\/2023\/03\/TrichoControl-4-Andermatt-Biocontrol-Suisse-21022023_-_media-92aa2fb2-query-150x150.jpg 150w\" sizes=\"auto, (max-width: 727px) 100vw, 727px\" \/><\/figure>\n\n\n\n<h2 class=\"wp-block-heading alignfull has-luminous-vivid-orange-background-color has-background has-large-font-size\"><strong>Worst-Case Szenario: Kleidermotten und Lebensmittelmotten \u00fcberall. Da kann nur die Schlupfwespe, der geborene Mottenkiller, helfen.<\/strong><\/h2>\n\n\n\n<h2 class=\"wp-block-heading alignfull has-foreground-color has-luminous-vivid-orange-background-color has-text-color has-background has-large-font-size\"><strong>Sofort auf zum <a href=\"https:\/\/www.loetsch.at\/\">H\u00e4ndler deines Vertrauens<\/a>, der diese N\u00fctzlinge bzw. Eier f\u00fcr dich bestellt oder gek\u00fchlt auf Lager hat.  Vorweg ist zu kl\u00e4ren: Wieviele Kleiderk\u00e4sten sind betroffen, wo schwirren die Motten in der Wohnung herum? Die Schlupfwespeneier, die dir dein H\u00e4ndler \u00fcbergibt, springen nach ein paar Tagen auf und die Wespen beginnen ihr Werk. Du h\u00e4ngst oder legst pro Regalmeter Kleiderschrank 1 Karte auf, in offenen R\u00e4umen gen\u00fcgt eine Karte auf 5 m\u00b2<\/strong><em><strong>. Apropos: es ist sinnvoll, die eine oder andere Karte auch im offenen Raum zu plazieren. Motten sind \u00fcberall, die Schlupfwespe findet sie aber mit Garantie.<\/strong><\/em><\/h2>\n\n\n\n<h2 class=\"wp-block-heading alignfull has-cyan-bluish-gray-background-color has-background has-large-font-size\"><strong>Schlupfwespen k\u00f6nnen <em>nicht<\/em> fliegen, aber sie sind begnadete Krabbler und Springer: das ist gut zu wissen, denn sie k\u00f6nnen in den Kleiderk\u00e4sten durch jede Ritze und erweitern so ihr &#8222;Killerreich&#8220;<\/strong>. <strong>Das spart K\u00e4rtchenkauf<\/strong>.<\/h2>\n\n\n\n<figure class=\"wp-block-gallery has-nested-images columns-default is-cropped wp-block-gallery-1 is-layout-flex wp-block-gallery-is-layout-flex\">\n<figure class=\"wp-block-image size-large\"><img loading=\"lazy\" decoding=\"async\" width=\"640\" height=\"480\" data-id=\"1880\" src=\"https:\/\/www.loetsch.at\/wordpress_3\/wp-content\/uploads\/2023\/03\/kleidermotte-mib-abs-schaedlingsbekaempfung-berlin.jpg\" alt=\"\" class=\"wp-image-1880\" srcset=\"https:\/\/www.loetsch.at\/wordpress_3\/wp-content\/uploads\/2023\/03\/kleidermotte-mib-abs-schaedlingsbekaempfung-berlin.jpg 640w, https:\/\/www.loetsch.at\/wordpress_3\/wp-content\/uploads\/2023\/03\/kleidermotte-mib-abs-schaedlingsbekaempfung-berlin-300x225.jpg 300w\" sizes=\"auto, (max-width: 640px) 100vw, 640px\" \/><figcaption class=\"wp-element-caption\">Kleidermotte<\/figcaption><\/figure>\n\n\n\n<figure class=\"wp-block-image size-large\"><img loading=\"lazy\" decoding=\"async\" width=\"300\" height=\"168\" data-id=\"1879\" src=\"https:\/\/www.loetsch.at\/wordpress_3\/wp-content\/uploads\/2023\/03\/Download-3.jpeg\" alt=\"\" class=\"wp-image-1879\"\/><figcaption class=\"wp-element-caption\">Lebensmittelmotte<\/figcaption><\/figure>\n<\/figure>\n\n\n\n<h2 class=\"wp-block-heading alignfull has-foreground-color has-luminous-vivid-orange-background-color has-text-color has-background has-large-font-size\"><strong>Die Eier der Wespe werden auf K\u00e4rtchen geliefert. 2000 Eier. Wenn du gekauft bzw. bestellt hast, ehest ausbringen, d.h. in den Schrank legen oder in die Lebensmittelladen usw. Die Schlupfwespen der K\u00e4rtchen schl\u00fcpfen im Zeitraum von 2 Wochen in Wellen aus. So ist immer ein &#8222;Team&#8220; an der Arbeit&#8220;.<\/strong><\/h2>\n\n\n\n<p class=\"has-foreground-color has-background-background-color has-text-color has-background\">Die 0,3 \u2013 0,4 mm gro\u00dfen Trichogramma-Schlupfwespen stechen die Motteneier an und legen darin ihre Eier ab. Es entwickelt sich in weiterer Folge statt einer Motte eine Schlupfwespe. Bei Zimmertemperatur \u00fcberleben die Schlupfwespen etwa sieben bis zehn Tage im Haus oder in der Wohnung. Danach sterben sie und zerfallen aufgrund ihrer winzigen Gestalt quasi zu Staub. Die erwachsenen Schlupfwespen ern\u00e4hren sich von Nektar, Honigtau und Bl\u00fctenpollen<strong>.<\/strong><\/p>\n\n\n\n<p class=\"has-large-font-size\"><strong>Was bzw. wie kaufe ich?<\/strong><\/p>\n\n\n\n<h2 class=\"wp-block-heading alignfull has-cyan-bluish-gray-background-color has-background has-large-font-size\"><strong>4 Lieferungen bei Lebensmittelmotten, 6 Lieferungen bei Kleidermotten. Die Lieferung erfolgt alle zwei Wochen. Du wirst verst\u00e4ndigt per Telefon oder Mail. Der Preis: Lebensmittelmotten: 4&#215;4 (in zweiw\u00f6chigem Abstand) 51,20; Kleidermotten 6&#215;4 (in zweiw\u00f6chigem Abstand) 76,80<\/strong><\/h2>\n\n\n\n<p class=\"has-large-font-size\"><strong>by thomas jerabek und maximilian l\u00f6tsch<\/strong><\/p>\n","protected":false},"excerpt":{"rendered":"<p>Worst-Case Szenario: Kleidermotten und Lebensmittelmotten \u00fcberall. Da kann nur die Schlupfwespe, der geborene Mottenkiller, helfen. Sofort auf zum H\u00e4ndler deines Vertrauens, der diese N\u00fctzlinge bzw. Eier f\u00fcr dich bestellt oder gek\u00fchlt auf Lager hat. Vorweg ist zu kl\u00e4ren: Wieviele Kleiderk\u00e4sten sind betroffen, wo schwirren die Motten in der Wohnung herum? Die Schlupfwespeneier, die dir dein [&hellip;]<\/p>\n","protected":false},"author":1,"featured_media":1890,"parent":0,"menu_order":0,"comment_status":"closed","ping_status":"closed","template":"wp-custom-template-teeneuestes","meta":{"footnotes":""},"class_list":["post-1870","page","type-page","status-publish","has-post-thumbnail","hentry"],"yoast_head":"<!-- This site is optimized with the Yoast SEO plugin v27.5 - https:\/\/yoast.com\/product\/yoast-seo-wordpress\/ -->\n<title>Schlupfwespen-wie geht das? - Drogerie Max L\u00f6tsch 4840 V\u00f6cklabruck<\/title>\n<meta name=\"description\" content=\"Worst-Case Szenario: Keidermotten und Lebensmittelmotten \u00fcberall. Da kann nur die Schlupfwespe, der geborene Mottenkiller, helfen.\" \/>\n<meta name=\"robots\" content=\"index, follow, max-snippet:-1, max-image-preview:large, max-video-preview:-1\" \/>\n<link rel=\"canonical\" href=\"https:\/\/www.loetsch.at\/wordpress_3\/schlupfwespen-wie-geht-das\/\" \/>\n<meta property=\"og:locale\" content=\"de_DE\" \/>\n<meta property=\"og:type\" content=\"article\" \/>\n<meta property=\"og:title\" content=\"Schlupfwespen-wie geht das? - Drogerie Max L\u00f6tsch 4840 V\u00f6cklabruck\" \/>\n<meta property=\"og:description\" content=\"Worst-Case Szenario: Keidermotten und Lebensmittelmotten \u00fcberall. Da kann nur die Schlupfwespe, der geborene Mottenkiller, helfen.\" \/>\n<meta property=\"og:url\" content=\"https:\/\/www.loetsch.at\/wordpress_3\/schlupfwespen-wie-geht-das\/\" \/>\n<meta property=\"og:site_name\" content=\"Drogerie Max L\u00f6tsch 4840 V\u00f6cklabruck\" \/>\n<meta property=\"article:modified_time\" content=\"2026-03-09T10:08:17+00:00\" \/>\n<meta property=\"og:image\" content=\"https:\/\/www.loetsch.at\/wordpress_3\/wp-content\/uploads\/2023\/03\/TrichoControl-4-Andermatt-Biocontrol-Suisse-21022023_-_media-92aa2fb2-query.jpg\" \/>\n\t<meta property=\"og:image:width\" content=\"727\" \/>\n\t<meta property=\"og:image:height\" content=\"727\" \/>\n\t<meta property=\"og:image:type\" content=\"image\/jpeg\" \/>\n<meta name=\"twitter:card\" content=\"summary_large_image\" \/>\n<meta name=\"twitter:label1\" content=\"Gesch\u00e4tzte Lesezeit\" \/>\n\t<meta name=\"twitter:data1\" content=\"3\u00a0Minuten\" \/>\n<script type=\"application\/ld+json\" class=\"yoast-schema-graph\">{\"@context\":\"https:\\\/\\\/schema.org\",\"@graph\":[{\"@type\":\"WebPage\",\"@id\":\"https:\\\/\\\/www.loetsch.at\\\/wordpress_3\\\/schlupfwespen-wie-geht-das\\\/\",\"url\":\"https:\\\/\\\/www.loetsch.at\\\/wordpress_3\\\/schlupfwespen-wie-geht-das\\\/\",\"name\":\"Schlupfwespen-wie geht das? - Drogerie Max L\u00f6tsch 4840 V\u00f6cklabruck\",\"isPartOf\":{\"@id\":\"https:\\\/\\\/www.loetsch.at\\\/wordpress_3\\\/#website\"},\"primaryImageOfPage\":{\"@id\":\"https:\\\/\\\/www.loetsch.at\\\/wordpress_3\\\/schlupfwespen-wie-geht-das\\\/#primaryimage\"},\"image\":{\"@id\":\"https:\\\/\\\/www.loetsch.at\\\/wordpress_3\\\/schlupfwespen-wie-geht-das\\\/#primaryimage\"},\"thumbnailUrl\":\"https:\\\/\\\/www.loetsch.at\\\/wordpress_3\\\/wp-content\\\/uploads\\\/2023\\\/03\\\/TrichoControl-4-Andermatt-Biocontrol-Suisse-21022023_-_media-92aa2fb2-query.jpg\",\"datePublished\":\"2023-03-23T10:23:57+00:00\",\"dateModified\":\"2026-03-09T10:08:17+00:00\",\"description\":\"Worst-Case Szenario: Keidermotten und Lebensmittelmotten \u00fcberall. Da kann nur die Schlupfwespe, der geborene Mottenkiller, helfen.\",\"breadcrumb\":{\"@id\":\"https:\\\/\\\/www.loetsch.at\\\/wordpress_3\\\/schlupfwespen-wie-geht-das\\\/#breadcrumb\"},\"inLanguage\":\"de\",\"potentialAction\":[{\"@type\":\"ReadAction\",\"target\":[\"https:\\\/\\\/www.loetsch.at\\\/wordpress_3\\\/schlupfwespen-wie-geht-das\\\/\"]}]},{\"@type\":\"ImageObject\",\"inLanguage\":\"de\",\"@id\":\"https:\\\/\\\/www.loetsch.at\\\/wordpress_3\\\/schlupfwespen-wie-geht-das\\\/#primaryimage\",\"url\":\"https:\\\/\\\/www.loetsch.at\\\/wordpress_3\\\/wp-content\\\/uploads\\\/2023\\\/03\\\/TrichoControl-4-Andermatt-Biocontrol-Suisse-21022023_-_media-92aa2fb2-query.jpg\",\"contentUrl\":\"https:\\\/\\\/www.loetsch.at\\\/wordpress_3\\\/wp-content\\\/uploads\\\/2023\\\/03\\\/TrichoControl-4-Andermatt-Biocontrol-Suisse-21022023_-_media-92aa2fb2-query.jpg\",\"width\":727,\"height\":727},{\"@type\":\"BreadcrumbList\",\"@id\":\"https:\\\/\\\/www.loetsch.at\\\/wordpress_3\\\/schlupfwespen-wie-geht-das\\\/#breadcrumb\",\"itemListElement\":[{\"@type\":\"ListItem\",\"position\":1,\"name\":\"Startseite\",\"item\":\"https:\\\/\\\/www.loetsch.at\\\/wordpress_3\\\/\"},{\"@type\":\"ListItem\",\"position\":2,\"name\":\"Schlupfwespen-wie geht das?\"}]},{\"@type\":\"WebSite\",\"@id\":\"https:\\\/\\\/www.loetsch.at\\\/wordpress_3\\\/#website\",\"url\":\"https:\\\/\\\/www.loetsch.at\\\/wordpress_3\\\/\",\"name\":\"Drogerie Max L\u00f6tsch 4840 V\u00f6cklabruck\",\"description\":\"\",\"potentialAction\":[{\"@type\":\"SearchAction\",\"target\":{\"@type\":\"EntryPoint\",\"urlTemplate\":\"https:\\\/\\\/www.loetsch.at\\\/wordpress_3\\\/?s={search_term_string}\"},\"query-input\":{\"@type\":\"PropertyValueSpecification\",\"valueRequired\":true,\"valueName\":\"search_term_string\"}}],\"inLanguage\":\"de\"}]}<\/script>\n<!-- \/ Yoast SEO plugin. -->","yoast_head_json":{"title":"Schlupfwespen-wie geht das? - Drogerie Max L\u00f6tsch 4840 V\u00f6cklabruck","description":"Worst-Case Szenario: Keidermotten und Lebensmittelmotten \u00fcberall. Da kann nur die Schlupfwespe, der geborene Mottenkiller, helfen.","robots":{"index":"index","follow":"follow","max-snippet":"max-snippet:-1","max-image-preview":"max-image-preview:large","max-video-preview":"max-video-preview:-1"},"canonical":"https:\/\/www.loetsch.at\/wordpress_3\/schlupfwespen-wie-geht-das\/","og_locale":"de_DE","og_type":"article","og_title":"Schlupfwespen-wie geht das? - Drogerie Max L\u00f6tsch 4840 V\u00f6cklabruck","og_description":"Worst-Case Szenario: Keidermotten und Lebensmittelmotten \u00fcberall. Da kann nur die Schlupfwespe, der geborene Mottenkiller, helfen.","og_url":"https:\/\/www.loetsch.at\/wordpress_3\/schlupfwespen-wie-geht-das\/","og_site_name":"Drogerie Max L\u00f6tsch 4840 V\u00f6cklabruck","article_modified_time":"2026-03-09T10:08:17+00:00","og_image":[{"width":727,"height":727,"url":"https:\/\/www.loetsch.at\/wordpress_3\/wp-content\/uploads\/2023\/03\/TrichoControl-4-Andermatt-Biocontrol-Suisse-21022023_-_media-92aa2fb2-query.jpg","type":"image\/jpeg"}],"twitter_card":"summary_large_image","twitter_misc":{"Gesch\u00e4tzte Lesezeit":"3\u00a0Minuten"},"schema":{"@context":"https:\/\/schema.org","@graph":[{"@type":"WebPage","@id":"https:\/\/www.loetsch.at\/wordpress_3\/schlupfwespen-wie-geht-das\/","url":"https:\/\/www.loetsch.at\/wordpress_3\/schlupfwespen-wie-geht-das\/","name":"Schlupfwespen-wie geht das? - Drogerie Max L\u00f6tsch 4840 V\u00f6cklabruck","isPartOf":{"@id":"https:\/\/www.loetsch.at\/wordpress_3\/#website"},"primaryImageOfPage":{"@id":"https:\/\/www.loetsch.at\/wordpress_3\/schlupfwespen-wie-geht-das\/#primaryimage"},"image":{"@id":"https:\/\/www.loetsch.at\/wordpress_3\/schlupfwespen-wie-geht-das\/#primaryimage"},"thumbnailUrl":"https:\/\/www.loetsch.at\/wordpress_3\/wp-content\/uploads\/2023\/03\/TrichoControl-4-Andermatt-Biocontrol-Suisse-21022023_-_media-92aa2fb2-query.jpg","datePublished":"2023-03-23T10:23:57+00:00","dateModified":"2026-03-09T10:08:17+00:00","description":"Worst-Case Szenario: Keidermotten und Lebensmittelmotten \u00fcberall. Da kann nur die Schlupfwespe, der geborene Mottenkiller, helfen.","breadcrumb":{"@id":"https:\/\/www.loetsch.at\/wordpress_3\/schlupfwespen-wie-geht-das\/#breadcrumb"},"inLanguage":"de","potentialAction":[{"@type":"ReadAction","target":["https:\/\/www.loetsch.at\/wordpress_3\/schlupfwespen-wie-geht-das\/"]}]},{"@type":"ImageObject","inLanguage":"de","@id":"https:\/\/www.loetsch.at\/wordpress_3\/schlupfwespen-wie-geht-das\/#primaryimage","url":"https:\/\/www.loetsch.at\/wordpress_3\/wp-content\/uploads\/2023\/03\/TrichoControl-4-Andermatt-Biocontrol-Suisse-21022023_-_media-92aa2fb2-query.jpg","contentUrl":"https:\/\/www.loetsch.at\/wordpress_3\/wp-content\/uploads\/2023\/03\/TrichoControl-4-Andermatt-Biocontrol-Suisse-21022023_-_media-92aa2fb2-query.jpg","width":727,"height":727},{"@type":"BreadcrumbList","@id":"https:\/\/www.loetsch.at\/wordpress_3\/schlupfwespen-wie-geht-das\/#breadcrumb","itemListElement":[{"@type":"ListItem","position":1,"name":"Startseite","item":"https:\/\/www.loetsch.at\/wordpress_3\/"},{"@type":"ListItem","position":2,"name":"Schlupfwespen-wie geht das?"}]},{"@type":"WebSite","@id":"https:\/\/www.loetsch.at\/wordpress_3\/#website","url":"https:\/\/www.loetsch.at\/wordpress_3\/","name":"Drogerie Max L\u00f6tsch 4840 V\u00f6cklabruck","description":"","potentialAction":[{"@type":"SearchAction","target":{"@type":"EntryPoint","urlTemplate":"https:\/\/www.loetsch.at\/wordpress_3\/?s={search_term_string}"},"query-input":{"@type":"PropertyValueSpecification","valueRequired":true,"valueName":"search_term_string"}}],"inLanguage":"de"}]}},"_links":{"self":[{"href":"https:\/\/www.loetsch.at\/wordpress_3\/wp-json\/wp\/v2\/pages\/1870","targetHints":{"allow":["GET"]}}],"collection":[{"href":"https:\/\/www.loetsch.at\/wordpress_3\/wp-json\/wp\/v2\/pages"}],"about":[{"href":"https:\/\/www.loetsch.at\/wordpress_3\/wp-json\/wp\/v2\/types\/page"}],"author":[{"embeddable":true,"href":"https:\/\/www.loetsch.at\/wordpress_3\/wp-json\/wp\/v2\/users\/1"}],"replies":[{"embeddable":true,"href":"https:\/\/www.loetsch.at\/wordpress_3\/wp-json\/wp\/v2\/comments?post=1870"}],"version-history":[{"count":18,"href":"https:\/\/www.loetsch.at\/wordpress_3\/wp-json\/wp\/v2\/pages\/1870\/revisions"}],"predecessor-version":[{"id":5130,"href":"https:\/\/www.loetsch.at\/wordpress_3\/wp-json\/wp\/v2\/pages\/1870\/revisions\/5130"}],"wp:featuredmedia":[{"embeddable":true,"href":"https:\/\/www.loetsch.at\/wordpress_3\/wp-json\/wp\/v2\/media\/1890"}],"wp:attachment":[{"href":"https:\/\/www.loetsch.at\/wordpress_3\/wp-json\/wp\/v2\/media?parent=1870"}],"curies":[{"name":"wp","href":"https:\/\/api.w.org\/{rel}","templated":true}]}}